{"id":79,"date":"2010-09-20T20:21:28","date_gmt":"2010-09-20T20:21:28","guid":{"rendered":"http:\/\/energeticienne-audibert.com\/WordPress\/?page_id=79"},"modified":"2022-03-02T10:53:50","modified_gmt":"2022-03-02T10:53:50","slug":"formations-reiki","status":"publish","type":"page","link":"https:\/\/energeticienne-audibert.com\/Montpellier\/formations-reiki","title":{"rendered":"Formations Reiki Usui"},"content":{"rendered":"<p><img loading=\"lazy\" decoding=\"async\" class=\"alignright\" title=\"Reiki-Logo\" src=\"http:\/\/energeticienne-audibert.com\/Montpellier\/wp-content\/uploads\/2010\/11\/Reiki-Logo.png\" alt=\"\" width=\"140\" height=\"261\" \/>L&rsquo;enseignement du Reiki permet d&rsquo;apprendre \u00e0 utiliser l&rsquo;\u00e9nergie Reiki pour soi, \u00e0 d\u00e9velopper son ressenti, \u00e0 partager son exp\u00e9rience avec d&rsquo;autres personnes en apprentissage, \u00e0 soulager des \u00eatres proches qui le d\u00e9sirent. L&rsquo;enseignement se d\u00e9roule sur deux jours cons\u00e9cutifs.<\/p>\n<p>La formation se compose de 4 degr\u00e9s.<\/p>\n<ol>\n<li><strong>Reiki 1er degr\u00e9<br \/><\/strong>\u2022 Pr\u00e9sentation du Reiki ;<br \/>\u2022 Contact avec l&rsquo;\u00e9nergie Reiki, sensibilisation au ressenti ;<br \/>\u2022 Apprentissage des 1er soins ;<br \/>\u2022 Initiation individuelle.<br \/><br \/><\/li>\n<li><strong><strong>Reiki 2\u00e8me degr\u00e9<br \/><\/strong><\/strong>\u2022 Approfondissement du ressenti;<br \/>\u2022 Apprentissage de nouvelles formes de soin, avec int\u00e9gration de symboles permettant une action plus pr\u00e9cise;<br \/>\u2022 Initiation personnelle.<br \/><br \/><\/li>\n<li><strong><strong>Reiki 3\u00e8me degr\u00e9 &#8211; th\u00e9rapeute<br \/><\/strong><\/strong>\u2022 Acc\u00e8s aux diff\u00e9rentes possibilit\u00e9s d&rsquo;action du Reiki.<br \/><br \/><\/li>\n<li><strong><strong>Reiki 4\u00e8me degr\u00e9 &#8211; enseignant<br \/><\/strong><\/strong>\u2022 Pour ceux qui veulent transmettre leur exp\u00e9rience du Reiki.<br \/><br \/><\/li>\n<li><strong><strong>Formation \u00e0 la pratique du Reiki<br \/><\/strong><\/strong>\u2022 Pour les 1er, 2\u00e8me et 3\u00e8me degr\u00e9 de Reiki, je propose une initiation sur un week-end au tarif de 250\u20ac par degr\u00e9. Vous pouvez t\u00e9l\u00e9charger la plaquette de formation <a href=\"https:\/\/energeticienne-audibert.com\/Montpellier\/wp-content\/uploads\/2022\/03\/formulaire-formation-Reiki-2022.pdf\" target=\"_blank\" rel=\"noopener\">en cliquant ici<\/a>.<br \/>\u2022 Pour les formations 4\u00e8me degr\u00e9 enseignant, <a href=\"mailto:genevieve-audibert@live.fr\">me consulter.<\/a><\/li>\n<\/ol>\n<p>Pour d\u00e9velopper votre pratique reiki, je vous propose de participer \u00e0 un atelier tous les mois. Il est ouvert aux initi\u00e9s Reiki de tous niveaux. Les dates sont annonc\u00e9es dans la rubrique \u00ab<a href=\"https:\/\/energeticienne-audibert.com\/Montpellier\/formations-reiki\/actualite-formations\"> Formation et Ateliers<\/a> ou sur ma <a href=\"https:\/\/www.facebook.com\/genevieve.audibert.16\">page facebook<\/a>\u00bb.<br \/><strong>Le tarif est de 20\u20ac.<\/strong><\/p>\n\n\n<p><\/p>\n","protected":false},"excerpt":{"rendered":"<p>L&rsquo;enseignement du Reiki permet d&rsquo;apprendre \u00e0 utiliser l&rsquo;\u00e9nergie Reiki pour soi, \u00e0 d\u00e9velopper son ressenti, \u00e0 partager son exp\u00e9rience [&hellip;]<\/p>\n","protected":false},"author":2,"featured_media":1702,"parent":0,"menu_order":14,"comment_status":"closed","ping_status":"closed","template":"","meta":{"footnotes":""},"class_list":["post-79","page","type-page","status-publish","has-post-thumbnail","hentry"],"yoast_head":"<!-- This site is optimized with the Yoast SEO plugin v27.4 - https:\/\/yoast.com\/product\/yoast-seo-wordpress\/ -->\n<title>Formations Reiki Usui - Genevi\u00e8ve Audibert \u00e9nerg\u00e9ticienne<\/title>\n<meta name=\"robots\" content=\"index, follow, max-snippet:-1, max-image-preview:large, max-video-preview:-1\" \/>\n<link rel=\"canonical\" href=\"https:\/\/energeticienne-audibert.com\/Montpellier\/formations-reiki\" \/>\n<meta property=\"og:locale\" content=\"fr_FR\" \/>\n<meta property=\"og:type\" content=\"article\" \/>\n<meta property=\"og:title\" content=\"Formations Reiki Usui - Genevi\u00e8ve Audibert \u00e9nerg\u00e9ticienne\" \/>\n<meta property=\"og:description\" content=\"L&rsquo;enseignement du Reiki permet d&rsquo;apprendre \u00e0 utiliser l&rsquo;\u00e9nergie Reiki pour soi, \u00e0 d\u00e9velopper son ressenti, \u00e0 partager son exp\u00e9rience [&hellip;]\" \/>\n<meta property=\"og:url\" content=\"https:\/\/energeticienne-audibert.com\/Montpellier\/formations-reiki\" \/>\n<meta property=\"og:site_name\" content=\"Genevi\u00e8ve Audibert \u00e9nerg\u00e9ticienne\" \/>\n<meta property=\"article:modified_time\" content=\"2022-03-02T10:53:50+00:00\" \/>\n<meta property=\"og:image\" content=\"https:\/\/energeticienne-audibert.com\/Montpellier\/wp-content\/uploads\/2018\/07\/Reiki-2.jpg\" \/>\n\t<meta property=\"og:image:width\" content=\"600\" \/>\n\t<meta property=\"og:image:height\" content=\"401\" \/>\n\t<meta property=\"og:image:type\" content=\"image\/jpeg\" \/>\n<meta name=\"twitter:card\" content=\"summary_large_image\" \/>\n<meta name=\"twitter:label1\" content=\"Dur\u00e9e de lecture estim\u00e9e\" \/>\n\t<meta name=\"twitter:data1\" content=\"2 minutes\" \/>\n<script type=\"application\/ld+json\" class=\"yoast-schema-graph\">{\"@context\":\"https:\\\/\\\/schema.org\",\"@graph\":[{\"@type\":\"WebPage\",\"@id\":\"https:\\\/\\\/energeticienne-audibert.com\\\/Montpellier\\\/formations-reiki\",\"url\":\"https:\\\/\\\/energeticienne-audibert.com\\\/Montpellier\\\/formations-reiki\",\"name\":\"Formations Reiki Usui - Genevi\u00e8ve Audibert \u00e9nerg\u00e9ticienne\",\"isPartOf\":{\"@id\":\"https:\\\/\\\/energeticienne-audibert.com\\\/Montpellier\\\/#website\"},\"primaryImageOfPage\":{\"@id\":\"https:\\\/\\\/energeticienne-audibert.com\\\/Montpellier\\\/formations-reiki#primaryimage\"},\"image\":{\"@id\":\"https:\\\/\\\/energeticienne-audibert.com\\\/Montpellier\\\/formations-reiki#primaryimage\"},\"thumbnailUrl\":\"https:\\\/\\\/energeticienne-audibert.com\\\/Montpellier\\\/wp-content\\\/uploads\\\/2018\\\/07\\\/Reiki-2.jpg\",\"datePublished\":\"2010-09-20T20:21:28+00:00\",\"dateModified\":\"2022-03-02T10:53:50+00:00\",\"breadcrumb\":{\"@id\":\"https:\\\/\\\/energeticienne-audibert.com\\\/Montpellier\\\/formations-reiki#breadcrumb\"},\"inLanguage\":\"fr-FR\",\"potentialAction\":[{\"@type\":\"ReadAction\",\"target\":[\"https:\\\/\\\/energeticienne-audibert.com\\\/Montpellier\\\/formations-reiki\"]}]},{\"@type\":\"ImageObject\",\"inLanguage\":\"fr-FR\",\"@id\":\"https:\\\/\\\/energeticienne-audibert.com\\\/Montpellier\\\/formations-reiki#primaryimage\",\"url\":\"https:\\\/\\\/energeticienne-audibert.com\\\/Montpellier\\\/wp-content\\\/uploads\\\/2018\\\/07\\\/Reiki-2.jpg\",\"contentUrl\":\"https:\\\/\\\/energeticienne-audibert.com\\\/Montpellier\\\/wp-content\\\/uploads\\\/2018\\\/07\\\/Reiki-2.jpg\",\"width\":600,\"height\":401},{\"@type\":\"BreadcrumbList\",\"@id\":\"https:\\\/\\\/energeticienne-audibert.com\\\/Montpellier\\\/formations-reiki#breadcrumb\",\"itemListElement\":[{\"@type\":\"ListItem\",\"position\":1,\"name\":\"Accueil\",\"item\":\"https:\\\/\\\/energeticienne-audibert.com\\\/Montpellier\\\/\"},{\"@type\":\"ListItem\",\"position\":2,\"name\":\"Formations Reiki Usui\"}]},{\"@type\":\"WebSite\",\"@id\":\"https:\\\/\\\/energeticienne-audibert.com\\\/Montpellier\\\/#website\",\"url\":\"https:\\\/\\\/energeticienne-audibert.com\\\/Montpellier\\\/\",\"name\":\"Genevi\u00e8ve Audibert \u00e9nerg\u00e9ticienne\",\"description\":\"\",\"publisher\":{\"@id\":\"https:\\\/\\\/energeticienne-audibert.com\\\/Montpellier\\\/#organization\"},\"potentialAction\":[{\"@type\":\"SearchAction\",\"target\":{\"@type\":\"EntryPoint\",\"urlTemplate\":\"https:\\\/\\\/energeticienne-audibert.com\\\/Montpellier\\\/?s={search_term_string}\"},\"query-input\":{\"@type\":\"PropertyValueSpecification\",\"valueRequired\":true,\"valueName\":\"search_term_string\"}}],\"inLanguage\":\"fr-FR\"},{\"@type\":\"Organization\",\"@id\":\"https:\\\/\\\/energeticienne-audibert.com\\\/Montpellier\\\/#organization\",\"name\":\"Genevi\u00e8ve Audibert \u00e9nerg\u00e9ticienne\",\"url\":\"https:\\\/\\\/energeticienne-audibert.com\\\/Montpellier\\\/\",\"logo\":{\"@type\":\"ImageObject\",\"inLanguage\":\"fr-FR\",\"@id\":\"https:\\\/\\\/energeticienne-audibert.com\\\/Montpellier\\\/#\\\/schema\\\/logo\\\/image\\\/\",\"url\":\"https:\\\/\\\/energeticienne-audibert.com\\\/Montpellier\\\/wp-content\\\/uploads\\\/2019\\\/01\\\/cropped-logo-genevieve-307.png\",\"contentUrl\":\"https:\\\/\\\/energeticienne-audibert.com\\\/Montpellier\\\/wp-content\\\/uploads\\\/2019\\\/01\\\/cropped-logo-genevieve-307.png\",\"width\":250,\"height\":253,\"caption\":\"Genevi\u00e8ve Audibert \u00e9nerg\u00e9ticienne\"},\"image\":{\"@id\":\"https:\\\/\\\/energeticienne-audibert.com\\\/Montpellier\\\/#\\\/schema\\\/logo\\\/image\\\/\"}}]}<\/script>\n<!-- \/ Yoast SEO plugin. -->","yoast_head_json":{"title":"Formations Reiki Usui - Genevi\u00e8ve Audibert \u00e9nerg\u00e9ticienne","robots":{"index":"index","follow":"follow","max-snippet":"max-snippet:-1","max-image-preview":"max-image-preview:large","max-video-preview":"max-video-preview:-1"},"canonical":"https:\/\/energeticienne-audibert.com\/Montpellier\/formations-reiki","og_locale":"fr_FR","og_type":"article","og_title":"Formations Reiki Usui - Genevi\u00e8ve Audibert \u00e9nerg\u00e9ticienne","og_description":"L&rsquo;enseignement du Reiki permet d&rsquo;apprendre \u00e0 utiliser l&rsquo;\u00e9nergie Reiki pour soi, \u00e0 d\u00e9velopper son ressenti, \u00e0 partager son exp\u00e9rience [&hellip;]","og_url":"https:\/\/energeticienne-audibert.com\/Montpellier\/formations-reiki","og_site_name":"Genevi\u00e8ve Audibert \u00e9nerg\u00e9ticienne","article_modified_time":"2022-03-02T10:53:50+00:00","og_image":[{"width":600,"height":401,"url":"https:\/\/energeticienne-audibert.com\/Montpellier\/wp-content\/uploads\/2018\/07\/Reiki-2.jpg","type":"image\/jpeg"}],"twitter_card":"summary_large_image","twitter_misc":{"Dur\u00e9e de lecture estim\u00e9e":"2 minutes"},"schema":{"@context":"https:\/\/schema.org","@graph":[{"@type":"WebPage","@id":"https:\/\/energeticienne-audibert.com\/Montpellier\/formations-reiki","url":"https:\/\/energeticienne-audibert.com\/Montpellier\/formations-reiki","name":"Formations Reiki Usui - Genevi\u00e8ve Audibert \u00e9nerg\u00e9ticienne","isPartOf":{"@id":"https:\/\/energeticienne-audibert.com\/Montpellier\/#website"},"primaryImageOfPage":{"@id":"https:\/\/energeticienne-audibert.com\/Montpellier\/formations-reiki#primaryimage"},"image":{"@id":"https:\/\/energeticienne-audibert.com\/Montpellier\/formations-reiki#primaryimage"},"thumbnailUrl":"https:\/\/energeticienne-audibert.com\/Montpellier\/wp-content\/uploads\/2018\/07\/Reiki-2.jpg","datePublished":"2010-09-20T20:21:28+00:00","dateModified":"2022-03-02T10:53:50+00:00","breadcrumb":{"@id":"https:\/\/energeticienne-audibert.com\/Montpellier\/formations-reiki#breadcrumb"},"inLanguage":"fr-FR","potentialAction":[{"@type":"ReadAction","target":["https:\/\/energeticienne-audibert.com\/Montpellier\/formations-reiki"]}]},{"@type":"ImageObject","inLanguage":"fr-FR","@id":"https:\/\/energeticienne-audibert.com\/Montpellier\/formations-reiki#primaryimage","url":"https:\/\/energeticienne-audibert.com\/Montpellier\/wp-content\/uploads\/2018\/07\/Reiki-2.jpg","contentUrl":"https:\/\/energeticienne-audibert.com\/Montpellier\/wp-content\/uploads\/2018\/07\/Reiki-2.jpg","width":600,"height":401},{"@type":"BreadcrumbList","@id":"https:\/\/energeticienne-audibert.com\/Montpellier\/formations-reiki#breadcrumb","itemListElement":[{"@type":"ListItem","position":1,"name":"Accueil","item":"https:\/\/energeticienne-audibert.com\/Montpellier\/"},{"@type":"ListItem","position":2,"name":"Formations Reiki Usui"}]},{"@type":"WebSite","@id":"https:\/\/energeticienne-audibert.com\/Montpellier\/#website","url":"https:\/\/energeticienne-audibert.com\/Montpellier\/","name":"Genevi\u00e8ve Audibert \u00e9nerg\u00e9ticienne","description":"","publisher":{"@id":"https:\/\/energeticienne-audibert.com\/Montpellier\/#organization"},"potentialAction":[{"@type":"SearchAction","target":{"@type":"EntryPoint","urlTemplate":"https:\/\/energeticienne-audibert.com\/Montpellier\/?s={search_term_string}"},"query-input":{"@type":"PropertyValueSpecification","valueRequired":true,"valueName":"search_term_string"}}],"inLanguage":"fr-FR"},{"@type":"Organization","@id":"https:\/\/energeticienne-audibert.com\/Montpellier\/#organization","name":"Genevi\u00e8ve Audibert \u00e9nerg\u00e9ticienne","url":"https:\/\/energeticienne-audibert.com\/Montpellier\/","logo":{"@type":"ImageObject","inLanguage":"fr-FR","@id":"https:\/\/energeticienne-audibert.com\/Montpellier\/#\/schema\/logo\/image\/","url":"https:\/\/energeticienne-audibert.com\/Montpellier\/wp-content\/uploads\/2019\/01\/cropped-logo-genevieve-307.png","contentUrl":"https:\/\/energeticienne-audibert.com\/Montpellier\/wp-content\/uploads\/2019\/01\/cropped-logo-genevieve-307.png","width":250,"height":253,"caption":"Genevi\u00e8ve Audibert \u00e9nerg\u00e9ticienne"},"image":{"@id":"https:\/\/energeticienne-audibert.com\/Montpellier\/#\/schema\/logo\/image\/"}}]}},"_links":{"self":[{"href":"https:\/\/energeticienne-audibert.com\/Montpellier\/wp-json\/wp\/v2\/pages\/79","targetHints":{"allow":["GET"]}}],"collection":[{"href":"https:\/\/energeticienne-audibert.com\/Montpellier\/wp-json\/wp\/v2\/pages"}],"about":[{"href":"https:\/\/energeticienne-audibert.com\/Montpellier\/wp-json\/wp\/v2\/types\/page"}],"author":[{"embeddable":true,"href":"https:\/\/energeticienne-audibert.com\/Montpellier\/wp-json\/wp\/v2\/users\/2"}],"replies":[{"embeddable":true,"href":"https:\/\/energeticienne-audibert.com\/Montpellier\/wp-json\/wp\/v2\/comments?post=79"}],"version-history":[{"count":26,"href":"https:\/\/energeticienne-audibert.com\/Montpellier\/wp-json\/wp\/v2\/pages\/79\/revisions"}],"predecessor-version":[{"id":2127,"href":"https:\/\/energeticienne-audibert.com\/Montpellier\/wp-json\/wp\/v2\/pages\/79\/revisions\/2127"}],"wp:featuredmedia":[{"embeddable":true,"href":"https:\/\/energeticienne-audibert.com\/Montpellier\/wp-json\/wp\/v2\/media\/1702"}],"wp:attachment":[{"href":"https:\/\/energeticienne-audibert.com\/Montpellier\/wp-json\/wp\/v2\/media?parent=79"}],"curies":[{"name":"wp","href":"https:\/\/api.w.org\/{rel}","templated":true}]}}