{"id":67,"date":"2010-09-20T20:16:38","date_gmt":"2010-09-20T20:16:38","guid":{"rendered":"http:\/\/energeticienne-audibert.com\/WordPress\/?page_id=67"},"modified":"2018-07-06T21:17:59","modified_gmt":"2018-07-06T21:17:59","slug":"le-reiki","status":"publish","type":"page","link":"https:\/\/energeticienne-audibert.com\/Montpellier\/la-therapie-energetique\/le-reiki","title":{"rendered":"Le Reiki Usui"},"content":{"rendered":"<table width=\"100%\" border=\"0\" cellspacing=\"0\" cellpadding=\"0\">\n<tr>\n<td width=\"150px\" ><img decoding=\"async\" src=\"http:\/\/energeticienne-audibert.com\/Montpellier\/wp-content\/uploads\/2010\/11\/Reiki-Logo.png\" alt=\"Reiki\" width=\"120\" \/><\/td>\n<td>\n<p style=\"font-size:15px\"><strong>L&rsquo;origine du Reiki<\/strong><\/p>\n<p>C&rsquo;est une m\u00e9thode de soins <a href=\"http:\/\/www.cnrtl.fr\/definition\/holistique\" target=\"_blank\">holistique<\/a>, un art th\u00e9rapeutique tr\u00e8s ancien (dater \u00e0 peu pr\u00e8s) venant du Japon. Cette m\u00e9thode a \u00e9t\u00e9 mise au point par Mikao Usui, apr\u00e8s une longue recherche spirituelle, et le d\u00e9sir de venir en aide \u00e0 son prochain. Lors d&rsquo;un \u00e9tat m\u00e9ditatif profond il a \u00ab re\u00e7u \u00bb les symboles utilis\u00e9s en Reiki pour soigner.<br \/>\n        Il a ensuite \u00e9labor\u00e9 un enseignement pour les utiliser et les transmettre. <\/p>\n<p><strong>Cet enseignement a \u00e9t\u00e9 d\u00e9velopp\u00e9 aux \u00c9tats-Unis,<\/strong> par Hawayo TAKATA. Elle l&rsquo;a rendu plus accessible \u00e0 la pens\u00e9e occidentale. Les enseignements que nous recevons en Occident, quelle que soit l&rsquo;\u00e9cole, ont une filiation avec son approche. Aujourd&rsquo;hui il existe de nombreuses \u00e9coles, des  Ma\u00eetres affili\u00e9s \u00e0 une f\u00e9d\u00e9ration, des Ma\u00eetres ind\u00e9pendants. Il existe au Japon des universit\u00e9s Reiki, en rapport avec la tradition du pays. Certains Ma\u00eetres Reiki occidentaux s&rsquo;y sont int\u00e9ress\u00e9 et ont enrichi leur pratique et la partagent avec le plus grand nombre de personnes.<\/p>\n<p>\u00ab La Quintessence du Reiki \u00bb \u2013 W. L\u00fcbeck, F. Arjava Petter, W. Lee Rand<\/p>\n<\/td>\n<\/tr>\n<tr>\n<td colspan=\"2\">\n<p style=\"font-size:15px\"><strong>L&rsquo;\u00e9nergie Reiki<\/strong> <\/p>\n<p>Le symbole Reiki se compose de deux partie :<br \/>\n<strong><img decoding=\"async\" src=\"http:\/\/energeticienne-audibert.com\/Montpellier\/wp-content\/uploads\/2010\/11\/puce-lotus.png\" alt=\"puce lotus\" \/> REI<\/strong> est souvent d\u00e9finie comme l&rsquo;\u00e9nergie de l&rsquo;Univers. En japonais signifie \u00ab esprit transcendant \u00bb, \u00ab essence spirituelle \u00bb.<br \/>\n<strong><img decoding=\"async\" src=\"http:\/\/energeticienne-audibert.com\/Montpellier\/wp-content\/uploads\/2010\/11\/puce-lotus.png\" alt=\"puce lotus\" \/> KI<\/strong> correspond \u00e0 l&rsquo;\u00e9nergie vitale de tout \u00eatre vivant (r\u00e8gne animal, v\u00e9g\u00e9tal, min\u00e9ral, \u00eatre humain). C&rsquo;est aussi le Chi des Chinois, le pr\u00e2na des Hindous.<\/p>\n<p>Cette \u00e9nergie est canalis\u00e9e par le praticien et diffus\u00e9e par imposition des mains sur diff\u00e9rentes parties du corps, avec l&rsquo;intention de la transmettre au patient. <\/p>\n<\/td>\n<\/tr>\n<tr>\n<td colspan=\"2\">\n<p style=\"margin-top:30px; font-size:15px\"><strong>Le praticien utilise l&rsquo;\u00e9nergie Reiki \u00e0 divers desseins<\/strong><\/p>\n<\/td>\n<\/tr>\n<tr>\n<td colspan=\"2\">\n<div style=\"float:left; width:280px; padding-right:20px\">\n<p style=\"margin-top:15px\"><strong>Aide au processus de gu\u00e9rison :<\/strong><\/p>\n<p style=\"margin-top:0; padding-top:0;\"><img decoding=\"async\" src=\"http:\/\/energeticienne-audibert.com\/Montpellier\/wp-content\/uploads\/2010\/11\/puce-ronde2.png\" alt=\"puce\" \/> en stimulant la cicatrisation pour une plaie, <\/p>\n<p style=\"margin-top:0; padding-top:0;\"><img decoding=\"async\" src=\"http:\/\/energeticienne-audibert.com\/Montpellier\/wp-content\/uploads\/2010\/11\/puce-ronde2.png\" alt=\"puce\" \/> en dynamisant le syst\u00e8me immunitaire pour les maladies infectieuses,<\/p>\n<p style=\"margin-top:0; padding-top:0;\"><img decoding=\"async\" src=\"http:\/\/energeticienne-audibert.com\/Montpellier\/wp-content\/uploads\/2010\/11\/puce-ronde2.png\" alt=\"puce\" \/> en favorisant l&rsquo;\u00e9limination des toxines, <\/p>\n<p style=\"margin-top:0; padding-top:0;\"><img decoding=\"async\" src=\"http:\/\/energeticienne-audibert.com\/Montpellier\/wp-content\/uploads\/2010\/11\/puce-ronde2.png\" alt=\"puce\" \/> en identifiant la cause de la maladie.<\/p>\n<p style=\"margin-top:30px; text-align:left\"><strong> Aide \u00e0 modifier les automatismes relationnels,<\/strong><\/p>\n<p style=\"margin-top:0; padding-top:0; text-align:left\"><img decoding=\"async\" src=\"http:\/\/energeticienne-audibert.com\/Montpellier\/wp-content\/uploads\/2010\/11\/puce-ronde2.png\" alt=\"puce\" \/> en permettant \u00e0 la personne de comprendre la situation psychique dans laquelle elle se trouve et en l&rsquo;amenant \u00e0 de nouveaux modes r\u00e9actionnels, plus conscient.<\/p>\n<p style=\"margin-top:0; padding-top:0; text-align:left\"><img decoding=\"async\" src=\"http:\/\/energeticienne-audibert.com\/Montpellier\/wp-content\/uploads\/2010\/11\/puce-ronde2.png\" alt=\"puce\" \/> Agir dans l&rsquo;historique de la personne, pour apaiser des conflits pass\u00e9s, favoriser le pardon \u00e0 soi, \u00e0 l&rsquo;autre, reconsid\u00e9rer une relation de mani\u00e8re plus constructive et cr\u00e9er \u00e0 nouveau de l&rsquo;\u00e9change.<\/p>\n<\/div>\n<div style=\"float:left; width:490px; margin-top:30px\"><img decoding=\"async\" src=\"http:\/\/energeticienne-audibert.com\/Montpellier\/wp-content\/uploads\/2010\/11\/schema6b.jpg\" alt=\"Effets d'un traitement reiki\" \/><\/div>\n<\/td>\n<\/tr>\n<\/table>\n","protected":false},"excerpt":{"rendered":"<p>L&rsquo;origine du Reiki C&rsquo;est une m\u00e9thode de soins holistique, un art th\u00e9rapeutique tr\u00e8s ancien (dater \u00e0 peu pr\u00e8s) venant [&hellip;]<\/p>\n","protected":false},"author":2,"featured_media":0,"parent":62,"menu_order":2,"comment_status":"closed","ping_status":"closed","template":"","meta":{"footnotes":""},"class_list":["post-67","page","type-page","status-publish","hentry"],"yoast_head":"<!-- This site is optimized with the Yoast SEO plugin v27.3 - https:\/\/yoast.com\/product\/yoast-seo-wordpress\/ -->\n<title>Le Reiki Usui - Genevi\u00e8ve Audibert \u00e9nerg\u00e9ticienne<\/title>\n<meta name=\"robots\" content=\"index, follow, max-snippet:-1, max-image-preview:large, max-video-preview:-1\" \/>\n<link rel=\"canonical\" href=\"https:\/\/energeticienne-audibert.com\/Montpellier\/la-therapie-energetique\/le-reiki\" \/>\n<meta property=\"og:locale\" content=\"fr_FR\" \/>\n<meta property=\"og:type\" content=\"article\" \/>\n<meta property=\"og:title\" content=\"Le Reiki Usui - Genevi\u00e8ve Audibert \u00e9nerg\u00e9ticienne\" \/>\n<meta property=\"og:description\" content=\"L&rsquo;origine du Reiki C&rsquo;est une m\u00e9thode de soins holistique, un art th\u00e9rapeutique tr\u00e8s ancien (dater \u00e0 peu pr\u00e8s) venant [&hellip;]\" \/>\n<meta property=\"og:url\" content=\"https:\/\/energeticienne-audibert.com\/Montpellier\/la-therapie-energetique\/le-reiki\" \/>\n<meta property=\"og:site_name\" content=\"Genevi\u00e8ve Audibert \u00e9nerg\u00e9ticienne\" \/>\n<meta property=\"article:modified_time\" content=\"2018-07-06T21:17:59+00:00\" \/>\n<meta property=\"og:image\" content=\"http:\/\/energeticienne-audibert.com\/Montpellier\/wp-content\/uploads\/2010\/11\/Reiki-Logo.png\" \/>\n<meta name=\"twitter:card\" content=\"summary_large_image\" \/>\n<meta name=\"twitter:label1\" content=\"Dur\u00e9e de lecture estim\u00e9e\" \/>\n\t<meta name=\"twitter:data1\" content=\"2 minutes\" \/>\n<script type=\"application\/ld+json\" class=\"yoast-schema-graph\">{\"@context\":\"https:\\\/\\\/schema.org\",\"@graph\":[{\"@type\":\"WebPage\",\"@id\":\"https:\\\/\\\/energeticienne-audibert.com\\\/Montpellier\\\/la-therapie-energetique\\\/le-reiki\",\"url\":\"https:\\\/\\\/energeticienne-audibert.com\\\/Montpellier\\\/la-therapie-energetique\\\/le-reiki\",\"name\":\"Le Reiki Usui - Genevi\u00e8ve Audibert \u00e9nerg\u00e9ticienne\",\"isPartOf\":{\"@id\":\"https:\\\/\\\/energeticienne-audibert.com\\\/Montpellier\\\/#website\"},\"primaryImageOfPage\":{\"@id\":\"https:\\\/\\\/energeticienne-audibert.com\\\/Montpellier\\\/la-therapie-energetique\\\/le-reiki#primaryimage\"},\"image\":{\"@id\":\"https:\\\/\\\/energeticienne-audibert.com\\\/Montpellier\\\/la-therapie-energetique\\\/le-reiki#primaryimage\"},\"thumbnailUrl\":\"http:\\\/\\\/energeticienne-audibert.com\\\/Montpellier\\\/wp-content\\\/uploads\\\/2010\\\/11\\\/Reiki-Logo.png\",\"datePublished\":\"2010-09-20T20:16:38+00:00\",\"dateModified\":\"2018-07-06T21:17:59+00:00\",\"breadcrumb\":{\"@id\":\"https:\\\/\\\/energeticienne-audibert.com\\\/Montpellier\\\/la-therapie-energetique\\\/le-reiki#breadcrumb\"},\"inLanguage\":\"fr-FR\",\"potentialAction\":[{\"@type\":\"ReadAction\",\"target\":[\"https:\\\/\\\/energeticienne-audibert.com\\\/Montpellier\\\/la-therapie-energetique\\\/le-reiki\"]}]},{\"@type\":\"ImageObject\",\"inLanguage\":\"fr-FR\",\"@id\":\"https:\\\/\\\/energeticienne-audibert.com\\\/Montpellier\\\/la-therapie-energetique\\\/le-reiki#primaryimage\",\"url\":\"https:\\\/\\\/energeticienne-audibert.com\\\/Montpellier\\\/wp-content\\\/uploads\\\/2010\\\/11\\\/Reiki-Logo.png\",\"contentUrl\":\"https:\\\/\\\/energeticienne-audibert.com\\\/Montpellier\\\/wp-content\\\/uploads\\\/2010\\\/11\\\/Reiki-Logo.png\",\"width\":\"140\",\"height\":\"261\"},{\"@type\":\"BreadcrumbList\",\"@id\":\"https:\\\/\\\/energeticienne-audibert.com\\\/Montpellier\\\/la-therapie-energetique\\\/le-reiki#breadcrumb\",\"itemListElement\":[{\"@type\":\"ListItem\",\"position\":1,\"name\":\"Accueil\",\"item\":\"https:\\\/\\\/energeticienne-audibert.com\\\/Montpellier\\\/\"},{\"@type\":\"ListItem\",\"position\":2,\"name\":\"La th\u00e9rapie \u00e9nerg\u00e9tique\",\"item\":\"https:\\\/\\\/energeticienne-audibert.com\\\/Montpellier\\\/la-therapie-energetique\"},{\"@type\":\"ListItem\",\"position\":3,\"name\":\"Le Reiki Usui\"}]},{\"@type\":\"WebSite\",\"@id\":\"https:\\\/\\\/energeticienne-audibert.com\\\/Montpellier\\\/#website\",\"url\":\"https:\\\/\\\/energeticienne-audibert.com\\\/Montpellier\\\/\",\"name\":\"Genevi\u00e8ve Audibert \u00e9nerg\u00e9ticienne\",\"description\":\"\",\"publisher\":{\"@id\":\"https:\\\/\\\/energeticienne-audibert.com\\\/Montpellier\\\/#organization\"},\"potentialAction\":[{\"@type\":\"SearchAction\",\"target\":{\"@type\":\"EntryPoint\",\"urlTemplate\":\"https:\\\/\\\/energeticienne-audibert.com\\\/Montpellier\\\/?s={search_term_string}\"},\"query-input\":{\"@type\":\"PropertyValueSpecification\",\"valueRequired\":true,\"valueName\":\"search_term_string\"}}],\"inLanguage\":\"fr-FR\"},{\"@type\":\"Organization\",\"@id\":\"https:\\\/\\\/energeticienne-audibert.com\\\/Montpellier\\\/#organization\",\"name\":\"Genevi\u00e8ve Audibert \u00e9nerg\u00e9ticienne\",\"url\":\"https:\\\/\\\/energeticienne-audibert.com\\\/Montpellier\\\/\",\"logo\":{\"@type\":\"ImageObject\",\"inLanguage\":\"fr-FR\",\"@id\":\"https:\\\/\\\/energeticienne-audibert.com\\\/Montpellier\\\/#\\\/schema\\\/logo\\\/image\\\/\",\"url\":\"https:\\\/\\\/energeticienne-audibert.com\\\/Montpellier\\\/wp-content\\\/uploads\\\/2019\\\/01\\\/cropped-logo-genevieve-307.png\",\"contentUrl\":\"https:\\\/\\\/energeticienne-audibert.com\\\/Montpellier\\\/wp-content\\\/uploads\\\/2019\\\/01\\\/cropped-logo-genevieve-307.png\",\"width\":250,\"height\":253,\"caption\":\"Genevi\u00e8ve Audibert \u00e9nerg\u00e9ticienne\"},\"image\":{\"@id\":\"https:\\\/\\\/energeticienne-audibert.com\\\/Montpellier\\\/#\\\/schema\\\/logo\\\/image\\\/\"}}]}<\/script>\n<!-- \/ Yoast SEO plugin. -->","yoast_head_json":{"title":"Le Reiki Usui - Genevi\u00e8ve Audibert \u00e9nerg\u00e9ticienne","robots":{"index":"index","follow":"follow","max-snippet":"max-snippet:-1","max-image-preview":"max-image-preview:large","max-video-preview":"max-video-preview:-1"},"canonical":"https:\/\/energeticienne-audibert.com\/Montpellier\/la-therapie-energetique\/le-reiki","og_locale":"fr_FR","og_type":"article","og_title":"Le Reiki Usui - Genevi\u00e8ve Audibert \u00e9nerg\u00e9ticienne","og_description":"L&rsquo;origine du Reiki C&rsquo;est une m\u00e9thode de soins holistique, un art th\u00e9rapeutique tr\u00e8s ancien (dater \u00e0 peu pr\u00e8s) venant [&hellip;]","og_url":"https:\/\/energeticienne-audibert.com\/Montpellier\/la-therapie-energetique\/le-reiki","og_site_name":"Genevi\u00e8ve Audibert \u00e9nerg\u00e9ticienne","article_modified_time":"2018-07-06T21:17:59+00:00","og_image":[{"url":"http:\/\/energeticienne-audibert.com\/Montpellier\/wp-content\/uploads\/2010\/11\/Reiki-Logo.png","type":"","width":"","height":""}],"twitter_card":"summary_large_image","twitter_misc":{"Dur\u00e9e de lecture estim\u00e9e":"2 minutes"},"schema":{"@context":"https:\/\/schema.org","@graph":[{"@type":"WebPage","@id":"https:\/\/energeticienne-audibert.com\/Montpellier\/la-therapie-energetique\/le-reiki","url":"https:\/\/energeticienne-audibert.com\/Montpellier\/la-therapie-energetique\/le-reiki","name":"Le Reiki Usui - Genevi\u00e8ve Audibert \u00e9nerg\u00e9ticienne","isPartOf":{"@id":"https:\/\/energeticienne-audibert.com\/Montpellier\/#website"},"primaryImageOfPage":{"@id":"https:\/\/energeticienne-audibert.com\/Montpellier\/la-therapie-energetique\/le-reiki#primaryimage"},"image":{"@id":"https:\/\/energeticienne-audibert.com\/Montpellier\/la-therapie-energetique\/le-reiki#primaryimage"},"thumbnailUrl":"http:\/\/energeticienne-audibert.com\/Montpellier\/wp-content\/uploads\/2010\/11\/Reiki-Logo.png","datePublished":"2010-09-20T20:16:38+00:00","dateModified":"2018-07-06T21:17:59+00:00","breadcrumb":{"@id":"https:\/\/energeticienne-audibert.com\/Montpellier\/la-therapie-energetique\/le-reiki#breadcrumb"},"inLanguage":"fr-FR","potentialAction":[{"@type":"ReadAction","target":["https:\/\/energeticienne-audibert.com\/Montpellier\/la-therapie-energetique\/le-reiki"]}]},{"@type":"ImageObject","inLanguage":"fr-FR","@id":"https:\/\/energeticienne-audibert.com\/Montpellier\/la-therapie-energetique\/le-reiki#primaryimage","url":"https:\/\/energeticienne-audibert.com\/Montpellier\/wp-content\/uploads\/2010\/11\/Reiki-Logo.png","contentUrl":"https:\/\/energeticienne-audibert.com\/Montpellier\/wp-content\/uploads\/2010\/11\/Reiki-Logo.png","width":"140","height":"261"},{"@type":"BreadcrumbList","@id":"https:\/\/energeticienne-audibert.com\/Montpellier\/la-therapie-energetique\/le-reiki#breadcrumb","itemListElement":[{"@type":"ListItem","position":1,"name":"Accueil","item":"https:\/\/energeticienne-audibert.com\/Montpellier\/"},{"@type":"ListItem","position":2,"name":"La th\u00e9rapie \u00e9nerg\u00e9tique","item":"https:\/\/energeticienne-audibert.com\/Montpellier\/la-therapie-energetique"},{"@type":"ListItem","position":3,"name":"Le Reiki Usui"}]},{"@type":"WebSite","@id":"https:\/\/energeticienne-audibert.com\/Montpellier\/#website","url":"https:\/\/energeticienne-audibert.com\/Montpellier\/","name":"Genevi\u00e8ve Audibert \u00e9nerg\u00e9ticienne","description":"","publisher":{"@id":"https:\/\/energeticienne-audibert.com\/Montpellier\/#organization"},"potentialAction":[{"@type":"SearchAction","target":{"@type":"EntryPoint","urlTemplate":"https:\/\/energeticienne-audibert.com\/Montpellier\/?s={search_term_string}"},"query-input":{"@type":"PropertyValueSpecification","valueRequired":true,"valueName":"search_term_string"}}],"inLanguage":"fr-FR"},{"@type":"Organization","@id":"https:\/\/energeticienne-audibert.com\/Montpellier\/#organization","name":"Genevi\u00e8ve Audibert \u00e9nerg\u00e9ticienne","url":"https:\/\/energeticienne-audibert.com\/Montpellier\/","logo":{"@type":"ImageObject","inLanguage":"fr-FR","@id":"https:\/\/energeticienne-audibert.com\/Montpellier\/#\/schema\/logo\/image\/","url":"https:\/\/energeticienne-audibert.com\/Montpellier\/wp-content\/uploads\/2019\/01\/cropped-logo-genevieve-307.png","contentUrl":"https:\/\/energeticienne-audibert.com\/Montpellier\/wp-content\/uploads\/2019\/01\/cropped-logo-genevieve-307.png","width":250,"height":253,"caption":"Genevi\u00e8ve Audibert \u00e9nerg\u00e9ticienne"},"image":{"@id":"https:\/\/energeticienne-audibert.com\/Montpellier\/#\/schema\/logo\/image\/"}}]}},"_links":{"self":[{"href":"https:\/\/energeticienne-audibert.com\/Montpellier\/wp-json\/wp\/v2\/pages\/67","targetHints":{"allow":["GET"]}}],"collection":[{"href":"https:\/\/energeticienne-audibert.com\/Montpellier\/wp-json\/wp\/v2\/pages"}],"about":[{"href":"https:\/\/energeticienne-audibert.com\/Montpellier\/wp-json\/wp\/v2\/types\/page"}],"author":[{"embeddable":true,"href":"https:\/\/energeticienne-audibert.com\/Montpellier\/wp-json\/wp\/v2\/users\/2"}],"replies":[{"embeddable":true,"href":"https:\/\/energeticienne-audibert.com\/Montpellier\/wp-json\/wp\/v2\/comments?post=67"}],"version-history":[{"count":4,"href":"https:\/\/energeticienne-audibert.com\/Montpellier\/wp-json\/wp\/v2\/pages\/67\/revisions"}],"predecessor-version":[{"id":1332,"href":"https:\/\/energeticienne-audibert.com\/Montpellier\/wp-json\/wp\/v2\/pages\/67\/revisions\/1332"}],"up":[{"embeddable":true,"href":"https:\/\/energeticienne-audibert.com\/Montpellier\/wp-json\/wp\/v2\/pages\/62"}],"wp:attachment":[{"href":"https:\/\/energeticienne-audibert.com\/Montpellier\/wp-json\/wp\/v2\/media?parent=67"}],"curies":[{"name":"wp","href":"https:\/\/api.w.org\/{rel}","templated":true}]}}