{"id":2128,"date":"2022-03-02T10:55:06","date_gmt":"2022-03-02T10:55:06","guid":{"rendered":"https:\/\/energeticienne-audibert.com\/Montpellier\/?page_id=2128"},"modified":"2022-03-02T14:02:30","modified_gmt":"2022-03-02T14:02:30","slug":"formation-shamballa","status":"publish","type":"page","link":"https:\/\/energeticienne-audibert.com\/Montpellier\/formation-shamballa","title":{"rendered":"Formation Shamballa"},"content":{"rendered":"<p><em><strong><a href=\"https:\/\/energeticienne-audibert.com\/Montpellier\/la-therapie-energetique\/le-reiki-shamballa\/shamballa-genevieve2#main\" rel=\"attachment wp-att-1345\"><img loading=\"lazy\" decoding=\"async\" class=\"wp-image-1345 size-medium alignright\" title=\"Shamballa ma\u00eetres ascensionn\u00e9s\" src=\"https:\/\/energeticienne-audibert.com\/Montpellier\/wp-content\/uploads\/2010\/09\/shamballa-genevieve2-300x252.jpg\" alt=\"Shamballa, ma\u00eetres ascensionn\u00e9s\" width=\"300\" height=\"252\" srcset=\"https:\/\/energeticienne-audibert.com\/Montpellier\/wp-content\/uploads\/2010\/09\/shamballa-genevieve2-300x252.jpg 300w, https:\/\/energeticienne-audibert.com\/Montpellier\/wp-content\/uploads\/2010\/09\/shamballa-genevieve2.jpg 600w\" sizes=\"auto, (max-width: 300px) 100vw, 300px\" \/><\/a>Reiki Shamballa, une ouverture vers les connexions aux ma\u00eetres ascensionn\u00e9s, une rencontre individuelle avec chacun d&rsquo;entre eux,une int\u00e9gration progressive.<\/strong> <\/em><\/p>\n<ul>\n<li><strong>Shamballa 1er niveau<\/strong>\n<ul>\n<li>Pr\u00e9sentation de Shamballa<\/li>\n<li>Pr\u00e9paration physique et \u00e9nerg\u00e9tique : Ancrage, allignement, pr\u00e9sence.<\/li>\n<li>Connexion avec 5 \u00e0 6 ma\u00eetres en accompagnement audio<\/li>\n<li>Temps de partage, de d\u00e9cryptage et d&rsquo;analyse.<\/li>\n<li>Int\u00e9gration de nouveaux symboles<\/li>\n<li>Travail d&rsquo;ancrage sur support des \u00e9nergies rencontr\u00e9es.<\/li>\n<\/ul>\n<p><strong>Initiation sur un week-end au tarif de 250\u20ac par degr\u00e9.<\/strong> <a href=\"https:\/\/energeticienne-audibert.com\/Montpellier\/wp-content\/uploads\/2022\/03\/formulaire-formation-Shamballa-2022.pdf\" target=\"_blank\" rel=\"noopener\">T\u00e9l\u00e9chargez d\u00e8s-maintenant le bulletin d&rsquo;inscription<\/a><\/li>\n<li><strong>Shamballa 2\u00e8me niveau<\/strong>\n<ul>\n<li>R\u00e9capitulatif et v\u00e9cus du 1er niveau<\/li>\n<li>Pr\u00e9paration physique et \u00e9nerg\u00e9tique : Ancrage, allignement, pr\u00e9sence.<\/li>\n<li>Connexion avec 6 \u00e0 7 ma\u00eetres en accompagnement audio<\/li>\n<li>Temps de partage, de d\u00e9cryptage et d&rsquo;analyse.<\/li>\n<li>Int\u00e9gration de nouveaux symboles<\/li>\n<li>On continue le travail d&rsquo;ancrage sur support des \u00e9nergies rencontr\u00e9es.<\/li>\n<\/ul>\n<p><strong><br \/>\nInitiation sur un week-end au tarif de 250\u20ac par degr\u00e9. <\/strong><a href=\"https:\/\/energeticienne-audibert.com\/Montpellier\/wp-content\/uploads\/2022\/03\/formulaire-formation-Shamballa-2022.pdf\" target=\"_blank\" rel=\"noopener\">T\u00e9l\u00e9chargez d\u00e8s-maintenant le bulletin d&rsquo;inscription<\/a><\/li>\n<li><strong>Shamballa 3\u00e8me niveau<\/strong>\n<ul>\n<li>R\u00e9capitulatif et v\u00e9cus du 2\u00e8me niveau<\/li>\n<li>Pr\u00e9paration physique et \u00e9nerg\u00e9tique : Ancrage, allignement, pr\u00e9sence.<\/li>\n<li>Connexion avec 7 \u00e0 8 ma\u00eetres en accompagnement audio<\/li>\n<li>Temps de partage, de d\u00e9cryptage et d&rsquo;analyse.<\/li>\n<li>Int\u00e9gration de nouveaux symboles<\/li>\n<li>On termine le travail d&rsquo;ancrage sur support des \u00e9nergies rencontr\u00e9es.<\/li>\n<\/ul>\n<p><strong>Initiation sur un week-end au tarif de 250\u20ac par degr\u00e9.<\/strong> <a href=\"https:\/\/energeticienne-audibert.com\/Montpellier\/wp-content\/uploads\/2022\/03\/formulaire-formation-Shamballa-2022.pdf\" target=\"_blank\" rel=\"noopener\">T\u00e9l\u00e9chargez d\u00e8s-maintenant le bulletin d&rsquo;inscription<\/a><\/li>\n<li><strong> Atelier de d\u00e9couverte Shamballa <\/strong><br \/>\nVenez exp\u00e9rimenter et recevoir un message d&rsquo;un ma\u00eetre ascensionn\u00e9.<br \/>\nAvant d&rsquo;\u00e9tablir le contact, il y a un temps de pr\u00e9paration physique et \u00e9nerg\u00e9tique, qui permet d&rsquo;aller explorer en toute s\u00e9curit\u00e9.<br \/>\nLes dates sont annonc\u00e9es dans la rubrique \u00ab <a href=\"https:\/\/energeticienne-audibert.com\/Montpellier\/formations-reiki\/actualite-formations\">Formation et Ateliers<\/a> \u00bb, ou sur ma <a href=\"https:\/\/www.facebook.com\/genevieve.audibert.16\">page facebook<\/a>.<strong><br \/>\nLe tarif est de 35\u20ac<br \/>\n<\/strong><\/li>\n<\/ul>\n","protected":false},"excerpt":{"rendered":"<p>Reiki Shamballa, une ouverture vers les connexions aux ma\u00eetres ascensionn\u00e9s, une rencontre individuelle avec chacun d&rsquo;entre eux,une int\u00e9gration progressive. [&hellip;]<\/p>\n","protected":false},"author":2,"featured_media":0,"parent":0,"menu_order":0,"comment_status":"closed","ping_status":"closed","template":"","meta":{"footnotes":""},"class_list":["post-2128","page","type-page","status-publish","hentry"],"yoast_head":"<!-- This site is optimized with the Yoast SEO plugin v27.4 - https:\/\/yoast.com\/product\/yoast-seo-wordpress\/ -->\n<title>Formation Shamballa - Genevi\u00e8ve Audibert \u00e9nerg\u00e9ticienne<\/title>\n<meta name=\"robots\" content=\"index, follow, max-snippet:-1, max-image-preview:large, max-video-preview:-1\" \/>\n<link rel=\"canonical\" href=\"https:\/\/energeticienne-audibert.com\/Montpellier\/formation-shamballa\" \/>\n<meta property=\"og:locale\" content=\"fr_FR\" \/>\n<meta property=\"og:type\" content=\"article\" \/>\n<meta property=\"og:title\" content=\"Formation Shamballa - Genevi\u00e8ve Audibert \u00e9nerg\u00e9ticienne\" \/>\n<meta property=\"og:description\" content=\"Reiki Shamballa, une ouverture vers les connexions aux ma\u00eetres ascensionn\u00e9s, une rencontre individuelle avec chacun d&rsquo;entre eux,une int\u00e9gration progressive. [&hellip;]\" \/>\n<meta property=\"og:url\" content=\"https:\/\/energeticienne-audibert.com\/Montpellier\/formation-shamballa\" \/>\n<meta property=\"og:site_name\" content=\"Genevi\u00e8ve Audibert \u00e9nerg\u00e9ticienne\" \/>\n<meta property=\"article:modified_time\" content=\"2022-03-02T14:02:30+00:00\" \/>\n<meta property=\"og:image\" content=\"https:\/\/energeticienne-audibert.com\/Montpellier\/wp-content\/uploads\/2010\/09\/shamballa-genevieve2-300x252.jpg\" \/>\n<meta name=\"twitter:card\" content=\"summary_large_image\" \/>\n<meta name=\"twitter:label1\" content=\"Dur\u00e9e de lecture estim\u00e9e\" \/>\n\t<meta name=\"twitter:data1\" content=\"2 minutes\" \/>\n<script type=\"application\/ld+json\" class=\"yoast-schema-graph\">{\"@context\":\"https:\\\/\\\/schema.org\",\"@graph\":[{\"@type\":\"WebPage\",\"@id\":\"https:\\\/\\\/energeticienne-audibert.com\\\/Montpellier\\\/formation-shamballa\",\"url\":\"https:\\\/\\\/energeticienne-audibert.com\\\/Montpellier\\\/formation-shamballa\",\"name\":\"Formation Shamballa - Genevi\u00e8ve Audibert \u00e9nerg\u00e9ticienne\",\"isPartOf\":{\"@id\":\"https:\\\/\\\/energeticienne-audibert.com\\\/Montpellier\\\/#website\"},\"primaryImageOfPage\":{\"@id\":\"https:\\\/\\\/energeticienne-audibert.com\\\/Montpellier\\\/formation-shamballa#primaryimage\"},\"image\":{\"@id\":\"https:\\\/\\\/energeticienne-audibert.com\\\/Montpellier\\\/formation-shamballa#primaryimage\"},\"thumbnailUrl\":\"https:\\\/\\\/energeticienne-audibert.com\\\/Montpellier\\\/wp-content\\\/uploads\\\/2010\\\/09\\\/shamballa-genevieve2-300x252.jpg\",\"datePublished\":\"2022-03-02T10:55:06+00:00\",\"dateModified\":\"2022-03-02T14:02:30+00:00\",\"breadcrumb\":{\"@id\":\"https:\\\/\\\/energeticienne-audibert.com\\\/Montpellier\\\/formation-shamballa#breadcrumb\"},\"inLanguage\":\"fr-FR\",\"potentialAction\":[{\"@type\":\"ReadAction\",\"target\":[\"https:\\\/\\\/energeticienne-audibert.com\\\/Montpellier\\\/formation-shamballa\"]}]},{\"@type\":\"ImageObject\",\"inLanguage\":\"fr-FR\",\"@id\":\"https:\\\/\\\/energeticienne-audibert.com\\\/Montpellier\\\/formation-shamballa#primaryimage\",\"url\":\"https:\\\/\\\/energeticienne-audibert.com\\\/Montpellier\\\/wp-content\\\/uploads\\\/2010\\\/09\\\/shamballa-genevieve2.jpg\",\"contentUrl\":\"https:\\\/\\\/energeticienne-audibert.com\\\/Montpellier\\\/wp-content\\\/uploads\\\/2010\\\/09\\\/shamballa-genevieve2.jpg\",\"width\":600,\"height\":504},{\"@type\":\"BreadcrumbList\",\"@id\":\"https:\\\/\\\/energeticienne-audibert.com\\\/Montpellier\\\/formation-shamballa#breadcrumb\",\"itemListElement\":[{\"@type\":\"ListItem\",\"position\":1,\"name\":\"Accueil\",\"item\":\"https:\\\/\\\/energeticienne-audibert.com\\\/Montpellier\\\/\"},{\"@type\":\"ListItem\",\"position\":2,\"name\":\"Formation Shamballa\"}]},{\"@type\":\"WebSite\",\"@id\":\"https:\\\/\\\/energeticienne-audibert.com\\\/Montpellier\\\/#website\",\"url\":\"https:\\\/\\\/energeticienne-audibert.com\\\/Montpellier\\\/\",\"name\":\"Genevi\u00e8ve Audibert \u00e9nerg\u00e9ticienne\",\"description\":\"\",\"publisher\":{\"@id\":\"https:\\\/\\\/energeticienne-audibert.com\\\/Montpellier\\\/#organization\"},\"potentialAction\":[{\"@type\":\"SearchAction\",\"target\":{\"@type\":\"EntryPoint\",\"urlTemplate\":\"https:\\\/\\\/energeticienne-audibert.com\\\/Montpellier\\\/?s={search_term_string}\"},\"query-input\":{\"@type\":\"PropertyValueSpecification\",\"valueRequired\":true,\"valueName\":\"search_term_string\"}}],\"inLanguage\":\"fr-FR\"},{\"@type\":\"Organization\",\"@id\":\"https:\\\/\\\/energeticienne-audibert.com\\\/Montpellier\\\/#organization\",\"name\":\"Genevi\u00e8ve Audibert \u00e9nerg\u00e9ticienne\",\"url\":\"https:\\\/\\\/energeticienne-audibert.com\\\/Montpellier\\\/\",\"logo\":{\"@type\":\"ImageObject\",\"inLanguage\":\"fr-FR\",\"@id\":\"https:\\\/\\\/energeticienne-audibert.com\\\/Montpellier\\\/#\\\/schema\\\/logo\\\/image\\\/\",\"url\":\"https:\\\/\\\/energeticienne-audibert.com\\\/Montpellier\\\/wp-content\\\/uploads\\\/2019\\\/01\\\/cropped-logo-genevieve-307.png\",\"contentUrl\":\"https:\\\/\\\/energeticienne-audibert.com\\\/Montpellier\\\/wp-content\\\/uploads\\\/2019\\\/01\\\/cropped-logo-genevieve-307.png\",\"width\":250,\"height\":253,\"caption\":\"Genevi\u00e8ve Audibert \u00e9nerg\u00e9ticienne\"},\"image\":{\"@id\":\"https:\\\/\\\/energeticienne-audibert.com\\\/Montpellier\\\/#\\\/schema\\\/logo\\\/image\\\/\"}}]}<\/script>\n<!-- \/ Yoast SEO plugin. -->","yoast_head_json":{"title":"Formation Shamballa - Genevi\u00e8ve Audibert \u00e9nerg\u00e9ticienne","robots":{"index":"index","follow":"follow","max-snippet":"max-snippet:-1","max-image-preview":"max-image-preview:large","max-video-preview":"max-video-preview:-1"},"canonical":"https:\/\/energeticienne-audibert.com\/Montpellier\/formation-shamballa","og_locale":"fr_FR","og_type":"article","og_title":"Formation Shamballa - Genevi\u00e8ve Audibert \u00e9nerg\u00e9ticienne","og_description":"Reiki Shamballa, une ouverture vers les connexions aux ma\u00eetres ascensionn\u00e9s, une rencontre individuelle avec chacun d&rsquo;entre eux,une int\u00e9gration progressive. [&hellip;]","og_url":"https:\/\/energeticienne-audibert.com\/Montpellier\/formation-shamballa","og_site_name":"Genevi\u00e8ve Audibert \u00e9nerg\u00e9ticienne","article_modified_time":"2022-03-02T14:02:30+00:00","og_image":[{"url":"https:\/\/energeticienne-audibert.com\/Montpellier\/wp-content\/uploads\/2010\/09\/shamballa-genevieve2-300x252.jpg","type":"","width":"","height":""}],"twitter_card":"summary_large_image","twitter_misc":{"Dur\u00e9e de lecture estim\u00e9e":"2 minutes"},"schema":{"@context":"https:\/\/schema.org","@graph":[{"@type":"WebPage","@id":"https:\/\/energeticienne-audibert.com\/Montpellier\/formation-shamballa","url":"https:\/\/energeticienne-audibert.com\/Montpellier\/formation-shamballa","name":"Formation Shamballa - Genevi\u00e8ve Audibert \u00e9nerg\u00e9ticienne","isPartOf":{"@id":"https:\/\/energeticienne-audibert.com\/Montpellier\/#website"},"primaryImageOfPage":{"@id":"https:\/\/energeticienne-audibert.com\/Montpellier\/formation-shamballa#primaryimage"},"image":{"@id":"https:\/\/energeticienne-audibert.com\/Montpellier\/formation-shamballa#primaryimage"},"thumbnailUrl":"https:\/\/energeticienne-audibert.com\/Montpellier\/wp-content\/uploads\/2010\/09\/shamballa-genevieve2-300x252.jpg","datePublished":"2022-03-02T10:55:06+00:00","dateModified":"2022-03-02T14:02:30+00:00","breadcrumb":{"@id":"https:\/\/energeticienne-audibert.com\/Montpellier\/formation-shamballa#breadcrumb"},"inLanguage":"fr-FR","potentialAction":[{"@type":"ReadAction","target":["https:\/\/energeticienne-audibert.com\/Montpellier\/formation-shamballa"]}]},{"@type":"ImageObject","inLanguage":"fr-FR","@id":"https:\/\/energeticienne-audibert.com\/Montpellier\/formation-shamballa#primaryimage","url":"https:\/\/energeticienne-audibert.com\/Montpellier\/wp-content\/uploads\/2010\/09\/shamballa-genevieve2.jpg","contentUrl":"https:\/\/energeticienne-audibert.com\/Montpellier\/wp-content\/uploads\/2010\/09\/shamballa-genevieve2.jpg","width":600,"height":504},{"@type":"BreadcrumbList","@id":"https:\/\/energeticienne-audibert.com\/Montpellier\/formation-shamballa#breadcrumb","itemListElement":[{"@type":"ListItem","position":1,"name":"Accueil","item":"https:\/\/energeticienne-audibert.com\/Montpellier\/"},{"@type":"ListItem","position":2,"name":"Formation Shamballa"}]},{"@type":"WebSite","@id":"https:\/\/energeticienne-audibert.com\/Montpellier\/#website","url":"https:\/\/energeticienne-audibert.com\/Montpellier\/","name":"Genevi\u00e8ve Audibert \u00e9nerg\u00e9ticienne","description":"","publisher":{"@id":"https:\/\/energeticienne-audibert.com\/Montpellier\/#organization"},"potentialAction":[{"@type":"SearchAction","target":{"@type":"EntryPoint","urlTemplate":"https:\/\/energeticienne-audibert.com\/Montpellier\/?s={search_term_string}"},"query-input":{"@type":"PropertyValueSpecification","valueRequired":true,"valueName":"search_term_string"}}],"inLanguage":"fr-FR"},{"@type":"Organization","@id":"https:\/\/energeticienne-audibert.com\/Montpellier\/#organization","name":"Genevi\u00e8ve Audibert \u00e9nerg\u00e9ticienne","url":"https:\/\/energeticienne-audibert.com\/Montpellier\/","logo":{"@type":"ImageObject","inLanguage":"fr-FR","@id":"https:\/\/energeticienne-audibert.com\/Montpellier\/#\/schema\/logo\/image\/","url":"https:\/\/energeticienne-audibert.com\/Montpellier\/wp-content\/uploads\/2019\/01\/cropped-logo-genevieve-307.png","contentUrl":"https:\/\/energeticienne-audibert.com\/Montpellier\/wp-content\/uploads\/2019\/01\/cropped-logo-genevieve-307.png","width":250,"height":253,"caption":"Genevi\u00e8ve Audibert \u00e9nerg\u00e9ticienne"},"image":{"@id":"https:\/\/energeticienne-audibert.com\/Montpellier\/#\/schema\/logo\/image\/"}}]}},"_links":{"self":[{"href":"https:\/\/energeticienne-audibert.com\/Montpellier\/wp-json\/wp\/v2\/pages\/2128","targetHints":{"allow":["GET"]}}],"collection":[{"href":"https:\/\/energeticienne-audibert.com\/Montpellier\/wp-json\/wp\/v2\/pages"}],"about":[{"href":"https:\/\/energeticienne-audibert.com\/Montpellier\/wp-json\/wp\/v2\/types\/page"}],"author":[{"embeddable":true,"href":"https:\/\/energeticienne-audibert.com\/Montpellier\/wp-json\/wp\/v2\/users\/2"}],"replies":[{"embeddable":true,"href":"https:\/\/energeticienne-audibert.com\/Montpellier\/wp-json\/wp\/v2\/comments?post=2128"}],"version-history":[{"count":4,"href":"https:\/\/energeticienne-audibert.com\/Montpellier\/wp-json\/wp\/v2\/pages\/2128\/revisions"}],"predecessor-version":[{"id":2144,"href":"https:\/\/energeticienne-audibert.com\/Montpellier\/wp-json\/wp\/v2\/pages\/2128\/revisions\/2144"}],"wp:attachment":[{"href":"https:\/\/energeticienne-audibert.com\/Montpellier\/wp-json\/wp\/v2\/media?parent=2128"}],"curies":[{"name":"wp","href":"https:\/\/api.w.org\/{rel}","templated":true}]}}