{"id":1292,"date":"2017-01-13T18:26:20","date_gmt":"2017-01-13T18:26:20","guid":{"rendered":"http:\/\/energeticienne-audibert.com\/Montpellier\/?page_id=1292"},"modified":"2022-02-15T14:19:02","modified_gmt":"2022-02-15T14:19:02","slug":"seance-photo-aura-et-chakra","status":"publish","type":"page","link":"https:\/\/energeticienne-audibert.com\/Montpellier\/seance-photo-aura-et-chakra","title":{"rendered":"Photo Aura et Chakra"},"content":{"rendered":"<p>Gr\u00e2ce au proc\u00e9d\u00e9 WIN AURA,vous pouvez voir votre aura autour de la t\u00eate , voir vos chakras et votre aura en mouvement.<br \/>\nVous d\u00e9couvrez les couleurs qui colorent votre aura, la taille, la couleur et la vitalit\u00e9 de vos chakras.<br \/>\nVous avez acc\u00e8s \u00e0 votre \u00ab\u00a0\u00eatre \u00e9nerg\u00e9tique\u00a0\u00bb.<br \/>\nCe proc\u00e9d\u00e9 permet de comprendre votre structure en fonction des exp\u00e9riences que vous vivez, les ressources que vous utilisez, r\u00e9v\u00e9l\u00e9s par les photos d&rsquo;aura et des chakras.<\/p>\n<h2><strong>D\u00e9roulement d&rsquo;une s\u00e9ance<br \/>\n<\/strong><\/h2>\n<p>Mise en route de la s\u00e9ance, vision de l&rsquo;aura, visions des chakras.<br \/>\nSaisie de la photo.<br \/>\n\u00c9changes et explications des photos, des chakras de votre structure, de vos points forts.<br \/>\nReprise de la s\u00e9ance, vision en 3D, apporte d&rsquo;autres \u00e9l\u00e9ments sur votre fonctionnement \u00e9nerg\u00e9tique.<\/p>\n<p style=\"padding-left: 30px;\"><strong>\u00c0 la fin de la s\u00e9ance, vous repartez avec :<\/strong><br \/>\n<strong><em>Votre photo d&rsquo;Aura, les 7 chakras + votre aura autour du corps + un texte explicatif \u00e0 t\u00e9l\u00e9charger sur cl\u00e9 USB. (Pensez \u00e0 apporter une cl\u00e9 USB pour l&rsquo;enregistrement).<\/em><\/strong><br \/>\n<strong>S\u00e9ance Photo diagnostic : 60\u20ac<\/strong><\/p>\n<table>\n<tbody>\n<tr>\n<td><a href=\"http:\/\/energeticienne-audibert.com\/Montpellier\/wp-content\/uploads\/2017\/01\/AURA-A3.jpg\"><img loading=\"lazy\" decoding=\"async\" class=\"alignnone size-full wp-image-1312\" src=\"http:\/\/energeticienne-audibert.com\/Montpellier\/wp-content\/uploads\/2017\/01\/AURA-A3.jpg\" alt=\"AURA-A3\" width=\"250\" height=\"171\" \/><\/a><\/td>\n<td width=\"15\"><\/td>\n<td><a href=\"http:\/\/energeticienne-audibert.com\/Montpellier\/wp-content\/uploads\/2017\/01\/AURA-A.jpg\"><img loading=\"lazy\" decoding=\"async\" class=\"alignnone size-full wp-image-1310\" src=\"http:\/\/energeticienne-audibert.com\/Montpellier\/wp-content\/uploads\/2017\/01\/AURA-A.jpg\" alt=\"AURA-A\" width=\"250\" height=\"171\" \/><\/a><\/td>\n<td width=\"15\"><\/td>\n<td><a href=\"http:\/\/energeticienne-audibert.com\/Montpellier\/wp-content\/uploads\/2017\/01\/AURA-A2.jpg\"><img loading=\"lazy\" decoding=\"async\" class=\"alignnone size-full wp-image-1311\" src=\"http:\/\/energeticienne-audibert.com\/Montpellier\/wp-content\/uploads\/2017\/01\/AURA-A2.jpg\" alt=\"AURA-A2\" width=\"250\" height=\"171\" \/><\/a><\/td>\n<\/tr>\n<\/tbody>\n<\/table>\n<h2><strong><br \/>\nComment utiliser la vision de l&rsquo;aura<\/strong><\/h2>\n<p>Elle permet de voir l&rsquo;impalpable, le v\u00e9cu de l&rsquo;instant, les pens\u00e9es qui d\u00e9filent : \u00e0 chacune ses couleurs. Par l&rsquo;intention, par la concentration, ou par la m\u00e9ditation, vous pouvez amener d&rsquo;autres couleurs dans votre aura. C&rsquo;est une mani\u00e8re diff\u00e9rente de vous d\u00e9couvrir dans cet instant, de comprendre vos forces et de les d\u00e9velopper, de rep\u00e9rer vos instabilit\u00e9s, vos blocages et de pouvoir les transformer.<\/p>\n<p><a href=\"http:\/\/energeticienne-audibert.com\/Montpellier\/les-soins\/seance-photo-aura-et-chakra-2\">Lire la suite<\/a><\/p>\n","protected":false},"excerpt":{"rendered":"<p>Gr\u00e2ce au proc\u00e9d\u00e9 WIN AURA,vous pouvez voir votre aura autour de la t\u00eate , voir vos chakras et votre [&hellip;]<\/p>\n","protected":false},"author":2,"featured_media":1312,"parent":0,"menu_order":0,"comment_status":"closed","ping_status":"open","template":"","meta":{"footnotes":""},"class_list":["post-1292","page","type-page","status-publish","has-post-thumbnail","hentry"],"yoast_head":"<!-- This site is optimized with the Yoast SEO plugin v27.5 - https:\/\/yoast.com\/product\/yoast-seo-wordpress\/ -->\n<title>Photo Aura et Chakra - Genevi\u00e8ve Audibert \u00e9nerg\u00e9ticienne<\/title>\n<meta name=\"description\" content=\"Obtenez des photos de votre Aura et de vos chakras : Gr\u00e2ce au proc\u00e9d\u00e9 WIN AURA, vous voyez votre aura et vos chakras en mouvement. Vous d\u00e9couvrez les couleurs qui colorent votre aura, la taille, la couleur et la vitalit\u00e9 de vos chakras. Vous avez acc\u00e8s \u00e0 votre &quot;\u00eatre \u00e9nerg\u00e9tique&quot;, dont je vous donne l&#039;analyse pour en direct pendant la s\u00e9ance.\" \/>\n<meta name=\"robots\" content=\"index, follow, max-snippet:-1, max-image-preview:large, max-video-preview:-1\" \/>\n<link rel=\"canonical\" href=\"https:\/\/energeticienne-audibert.com\/Montpellier\/seance-photo-aura-et-chakra\" \/>\n<meta property=\"og:locale\" content=\"fr_FR\" \/>\n<meta property=\"og:type\" content=\"article\" \/>\n<meta property=\"og:title\" content=\"Photo Aura et Chakra - Genevi\u00e8ve Audibert \u00e9nerg\u00e9ticienne\" \/>\n<meta property=\"og:description\" content=\"Obtenez des photos de votre Aura et de vos chakras : Gr\u00e2ce au proc\u00e9d\u00e9 WIN AURA, vous voyez votre aura et vos chakras en mouvement. Vous d\u00e9couvrez les couleurs qui colorent votre aura, la taille, la couleur et la vitalit\u00e9 de vos chakras. Vous avez acc\u00e8s \u00e0 votre &quot;\u00eatre \u00e9nerg\u00e9tique&quot;, dont je vous donne l&#039;analyse pour en direct pendant la s\u00e9ance.\" \/>\n<meta property=\"og:url\" content=\"https:\/\/energeticienne-audibert.com\/Montpellier\/seance-photo-aura-et-chakra\" \/>\n<meta property=\"og:site_name\" content=\"Genevi\u00e8ve Audibert \u00e9nerg\u00e9ticienne\" \/>\n<meta property=\"article:modified_time\" content=\"2022-02-15T14:19:02+00:00\" \/>\n<meta property=\"og:image\" content=\"https:\/\/energeticienne-audibert.com\/Montpellier\/wp-content\/uploads\/2017\/01\/AURA-A3.jpg\" \/>\n\t<meta property=\"og:image:width\" content=\"250\" \/>\n\t<meta property=\"og:image:height\" content=\"171\" \/>\n\t<meta property=\"og:image:type\" content=\"image\/jpeg\" \/>\n<meta name=\"twitter:card\" content=\"summary_large_image\" \/>\n<meta name=\"twitter:label1\" content=\"Dur\u00e9e de lecture estim\u00e9e\" \/>\n\t<meta name=\"twitter:data1\" content=\"2 minutes\" \/>\n<script type=\"application\/ld+json\" class=\"yoast-schema-graph\">{\"@context\":\"https:\\\/\\\/schema.org\",\"@graph\":[{\"@type\":\"WebPage\",\"@id\":\"https:\\\/\\\/energeticienne-audibert.com\\\/Montpellier\\\/seance-photo-aura-et-chakra\",\"url\":\"https:\\\/\\\/energeticienne-audibert.com\\\/Montpellier\\\/seance-photo-aura-et-chakra\",\"name\":\"Photo Aura et Chakra - Genevi\u00e8ve Audibert \u00e9nerg\u00e9ticienne\",\"isPartOf\":{\"@id\":\"https:\\\/\\\/energeticienne-audibert.com\\\/Montpellier\\\/#website\"},\"primaryImageOfPage\":{\"@id\":\"https:\\\/\\\/energeticienne-audibert.com\\\/Montpellier\\\/seance-photo-aura-et-chakra#primaryimage\"},\"image\":{\"@id\":\"https:\\\/\\\/energeticienne-audibert.com\\\/Montpellier\\\/seance-photo-aura-et-chakra#primaryimage\"},\"thumbnailUrl\":\"https:\\\/\\\/energeticienne-audibert.com\\\/Montpellier\\\/wp-content\\\/uploads\\\/2017\\\/01\\\/AURA-A3.jpg\",\"datePublished\":\"2017-01-13T18:26:20+00:00\",\"dateModified\":\"2022-02-15T14:19:02+00:00\",\"description\":\"Obtenez des photos de votre Aura et de vos chakras : Gr\u00e2ce au proc\u00e9d\u00e9 WIN AURA, vous voyez votre aura et vos chakras en mouvement. Vous d\u00e9couvrez les couleurs qui colorent votre aura, la taille, la couleur et la vitalit\u00e9 de vos chakras. Vous avez acc\u00e8s \u00e0 votre \\\"\u00eatre \u00e9nerg\u00e9tique\\\", dont je vous donne l'analyse pour en direct pendant la s\u00e9ance.\",\"breadcrumb\":{\"@id\":\"https:\\\/\\\/energeticienne-audibert.com\\\/Montpellier\\\/seance-photo-aura-et-chakra#breadcrumb\"},\"inLanguage\":\"fr-FR\",\"potentialAction\":[{\"@type\":\"ReadAction\",\"target\":[\"https:\\\/\\\/energeticienne-audibert.com\\\/Montpellier\\\/seance-photo-aura-et-chakra\"]}]},{\"@type\":\"ImageObject\",\"inLanguage\":\"fr-FR\",\"@id\":\"https:\\\/\\\/energeticienne-audibert.com\\\/Montpellier\\\/seance-photo-aura-et-chakra#primaryimage\",\"url\":\"https:\\\/\\\/energeticienne-audibert.com\\\/Montpellier\\\/wp-content\\\/uploads\\\/2017\\\/01\\\/AURA-A3.jpg\",\"contentUrl\":\"https:\\\/\\\/energeticienne-audibert.com\\\/Montpellier\\\/wp-content\\\/uploads\\\/2017\\\/01\\\/AURA-A3.jpg\",\"width\":250,\"height\":171},{\"@type\":\"BreadcrumbList\",\"@id\":\"https:\\\/\\\/energeticienne-audibert.com\\\/Montpellier\\\/seance-photo-aura-et-chakra#breadcrumb\",\"itemListElement\":[{\"@type\":\"ListItem\",\"position\":1,\"name\":\"Accueil\",\"item\":\"https:\\\/\\\/energeticienne-audibert.com\\\/Montpellier\\\/\"},{\"@type\":\"ListItem\",\"position\":2,\"name\":\"Photo Aura et Chakra\"}]},{\"@type\":\"WebSite\",\"@id\":\"https:\\\/\\\/energeticienne-audibert.com\\\/Montpellier\\\/#website\",\"url\":\"https:\\\/\\\/energeticienne-audibert.com\\\/Montpellier\\\/\",\"name\":\"Genevi\u00e8ve Audibert \u00e9nerg\u00e9ticienne\",\"description\":\"\",\"publisher\":{\"@id\":\"https:\\\/\\\/energeticienne-audibert.com\\\/Montpellier\\\/#organization\"},\"potentialAction\":[{\"@type\":\"SearchAction\",\"target\":{\"@type\":\"EntryPoint\",\"urlTemplate\":\"https:\\\/\\\/energeticienne-audibert.com\\\/Montpellier\\\/?s={search_term_string}\"},\"query-input\":{\"@type\":\"PropertyValueSpecification\",\"valueRequired\":true,\"valueName\":\"search_term_string\"}}],\"inLanguage\":\"fr-FR\"},{\"@type\":\"Organization\",\"@id\":\"https:\\\/\\\/energeticienne-audibert.com\\\/Montpellier\\\/#organization\",\"name\":\"Genevi\u00e8ve Audibert \u00e9nerg\u00e9ticienne\",\"url\":\"https:\\\/\\\/energeticienne-audibert.com\\\/Montpellier\\\/\",\"logo\":{\"@type\":\"ImageObject\",\"inLanguage\":\"fr-FR\",\"@id\":\"https:\\\/\\\/energeticienne-audibert.com\\\/Montpellier\\\/#\\\/schema\\\/logo\\\/image\\\/\",\"url\":\"https:\\\/\\\/energeticienne-audibert.com\\\/Montpellier\\\/wp-content\\\/uploads\\\/2019\\\/01\\\/cropped-logo-genevieve-307.png\",\"contentUrl\":\"https:\\\/\\\/energeticienne-audibert.com\\\/Montpellier\\\/wp-content\\\/uploads\\\/2019\\\/01\\\/cropped-logo-genevieve-307.png\",\"width\":250,\"height\":253,\"caption\":\"Genevi\u00e8ve Audibert \u00e9nerg\u00e9ticienne\"},\"image\":{\"@id\":\"https:\\\/\\\/energeticienne-audibert.com\\\/Montpellier\\\/#\\\/schema\\\/logo\\\/image\\\/\"}}]}<\/script>\n<!-- \/ Yoast SEO plugin. -->","yoast_head_json":{"title":"Photo Aura et Chakra - Genevi\u00e8ve Audibert \u00e9nerg\u00e9ticienne","description":"Obtenez des photos de votre Aura et de vos chakras : Gr\u00e2ce au proc\u00e9d\u00e9 WIN AURA, vous voyez votre aura et vos chakras en mouvement. Vous d\u00e9couvrez les couleurs qui colorent votre aura, la taille, la couleur et la vitalit\u00e9 de vos chakras. Vous avez acc\u00e8s \u00e0 votre \"\u00eatre \u00e9nerg\u00e9tique\", dont je vous donne l'analyse pour en direct pendant la s\u00e9ance.","robots":{"index":"index","follow":"follow","max-snippet":"max-snippet:-1","max-image-preview":"max-image-preview:large","max-video-preview":"max-video-preview:-1"},"canonical":"https:\/\/energeticienne-audibert.com\/Montpellier\/seance-photo-aura-et-chakra","og_locale":"fr_FR","og_type":"article","og_title":"Photo Aura et Chakra - Genevi\u00e8ve Audibert \u00e9nerg\u00e9ticienne","og_description":"Obtenez des photos de votre Aura et de vos chakras : Gr\u00e2ce au proc\u00e9d\u00e9 WIN AURA, vous voyez votre aura et vos chakras en mouvement. Vous d\u00e9couvrez les couleurs qui colorent votre aura, la taille, la couleur et la vitalit\u00e9 de vos chakras. Vous avez acc\u00e8s \u00e0 votre \"\u00eatre \u00e9nerg\u00e9tique\", dont je vous donne l'analyse pour en direct pendant la s\u00e9ance.","og_url":"https:\/\/energeticienne-audibert.com\/Montpellier\/seance-photo-aura-et-chakra","og_site_name":"Genevi\u00e8ve Audibert \u00e9nerg\u00e9ticienne","article_modified_time":"2022-02-15T14:19:02+00:00","og_image":[{"width":250,"height":171,"url":"https:\/\/energeticienne-audibert.com\/Montpellier\/wp-content\/uploads\/2017\/01\/AURA-A3.jpg","type":"image\/jpeg"}],"twitter_card":"summary_large_image","twitter_misc":{"Dur\u00e9e de lecture estim\u00e9e":"2 minutes"},"schema":{"@context":"https:\/\/schema.org","@graph":[{"@type":"WebPage","@id":"https:\/\/energeticienne-audibert.com\/Montpellier\/seance-photo-aura-et-chakra","url":"https:\/\/energeticienne-audibert.com\/Montpellier\/seance-photo-aura-et-chakra","name":"Photo Aura et Chakra - Genevi\u00e8ve Audibert \u00e9nerg\u00e9ticienne","isPartOf":{"@id":"https:\/\/energeticienne-audibert.com\/Montpellier\/#website"},"primaryImageOfPage":{"@id":"https:\/\/energeticienne-audibert.com\/Montpellier\/seance-photo-aura-et-chakra#primaryimage"},"image":{"@id":"https:\/\/energeticienne-audibert.com\/Montpellier\/seance-photo-aura-et-chakra#primaryimage"},"thumbnailUrl":"https:\/\/energeticienne-audibert.com\/Montpellier\/wp-content\/uploads\/2017\/01\/AURA-A3.jpg","datePublished":"2017-01-13T18:26:20+00:00","dateModified":"2022-02-15T14:19:02+00:00","description":"Obtenez des photos de votre Aura et de vos chakras : Gr\u00e2ce au proc\u00e9d\u00e9 WIN AURA, vous voyez votre aura et vos chakras en mouvement. Vous d\u00e9couvrez les couleurs qui colorent votre aura, la taille, la couleur et la vitalit\u00e9 de vos chakras. Vous avez acc\u00e8s \u00e0 votre \"\u00eatre \u00e9nerg\u00e9tique\", dont je vous donne l'analyse pour en direct pendant la s\u00e9ance.","breadcrumb":{"@id":"https:\/\/energeticienne-audibert.com\/Montpellier\/seance-photo-aura-et-chakra#breadcrumb"},"inLanguage":"fr-FR","potentialAction":[{"@type":"ReadAction","target":["https:\/\/energeticienne-audibert.com\/Montpellier\/seance-photo-aura-et-chakra"]}]},{"@type":"ImageObject","inLanguage":"fr-FR","@id":"https:\/\/energeticienne-audibert.com\/Montpellier\/seance-photo-aura-et-chakra#primaryimage","url":"https:\/\/energeticienne-audibert.com\/Montpellier\/wp-content\/uploads\/2017\/01\/AURA-A3.jpg","contentUrl":"https:\/\/energeticienne-audibert.com\/Montpellier\/wp-content\/uploads\/2017\/01\/AURA-A3.jpg","width":250,"height":171},{"@type":"BreadcrumbList","@id":"https:\/\/energeticienne-audibert.com\/Montpellier\/seance-photo-aura-et-chakra#breadcrumb","itemListElement":[{"@type":"ListItem","position":1,"name":"Accueil","item":"https:\/\/energeticienne-audibert.com\/Montpellier\/"},{"@type":"ListItem","position":2,"name":"Photo Aura et Chakra"}]},{"@type":"WebSite","@id":"https:\/\/energeticienne-audibert.com\/Montpellier\/#website","url":"https:\/\/energeticienne-audibert.com\/Montpellier\/","name":"Genevi\u00e8ve Audibert \u00e9nerg\u00e9ticienne","description":"","publisher":{"@id":"https:\/\/energeticienne-audibert.com\/Montpellier\/#organization"},"potentialAction":[{"@type":"SearchAction","target":{"@type":"EntryPoint","urlTemplate":"https:\/\/energeticienne-audibert.com\/Montpellier\/?s={search_term_string}"},"query-input":{"@type":"PropertyValueSpecification","valueRequired":true,"valueName":"search_term_string"}}],"inLanguage":"fr-FR"},{"@type":"Organization","@id":"https:\/\/energeticienne-audibert.com\/Montpellier\/#organization","name":"Genevi\u00e8ve Audibert \u00e9nerg\u00e9ticienne","url":"https:\/\/energeticienne-audibert.com\/Montpellier\/","logo":{"@type":"ImageObject","inLanguage":"fr-FR","@id":"https:\/\/energeticienne-audibert.com\/Montpellier\/#\/schema\/logo\/image\/","url":"https:\/\/energeticienne-audibert.com\/Montpellier\/wp-content\/uploads\/2019\/01\/cropped-logo-genevieve-307.png","contentUrl":"https:\/\/energeticienne-audibert.com\/Montpellier\/wp-content\/uploads\/2019\/01\/cropped-logo-genevieve-307.png","width":250,"height":253,"caption":"Genevi\u00e8ve Audibert \u00e9nerg\u00e9ticienne"},"image":{"@id":"https:\/\/energeticienne-audibert.com\/Montpellier\/#\/schema\/logo\/image\/"}}]}},"_links":{"self":[{"href":"https:\/\/energeticienne-audibert.com\/Montpellier\/wp-json\/wp\/v2\/pages\/1292","targetHints":{"allow":["GET"]}}],"collection":[{"href":"https:\/\/energeticienne-audibert.com\/Montpellier\/wp-json\/wp\/v2\/pages"}],"about":[{"href":"https:\/\/energeticienne-audibert.com\/Montpellier\/wp-json\/wp\/v2\/types\/page"}],"author":[{"embeddable":true,"href":"https:\/\/energeticienne-audibert.com\/Montpellier\/wp-json\/wp\/v2\/users\/2"}],"replies":[{"embeddable":true,"href":"https:\/\/energeticienne-audibert.com\/Montpellier\/wp-json\/wp\/v2\/comments?post=1292"}],"version-history":[{"count":25,"href":"https:\/\/energeticienne-audibert.com\/Montpellier\/wp-json\/wp\/v2\/pages\/1292\/revisions"}],"predecessor-version":[{"id":1825,"href":"https:\/\/energeticienne-audibert.com\/Montpellier\/wp-json\/wp\/v2\/pages\/1292\/revisions\/1825"}],"wp:featuredmedia":[{"embeddable":true,"href":"https:\/\/energeticienne-audibert.com\/Montpellier\/wp-json\/wp\/v2\/media\/1312"}],"wp:attachment":[{"href":"https:\/\/energeticienne-audibert.com\/Montpellier\/wp-json\/wp\/v2\/media?parent=1292"}],"curies":[{"name":"wp","href":"https:\/\/api.w.org\/{rel}","templated":true}]}}