{"id":1096,"date":"2013-10-24T15:30:26","date_gmt":"2013-10-24T15:30:26","guid":{"rendered":"http:\/\/energeticienne-audibert.com\/Montpellier\/?page_id=1096"},"modified":"2020-10-06T08:53:35","modified_gmt":"2020-10-06T08:53:35","slug":"les-sites-amis","status":"publish","type":"page","link":"https:\/\/energeticienne-audibert.com\/Montpellier\/liens-contacts\/les-sites-amis","title":{"rendered":"Les sites amis"},"content":{"rendered":"<table width=\"740\" cellspacing=\"20\">\n<tbody>\n<tr>\n<td style=\"text-align: left;\" width=\"300\"><a href=\"http:\/\/www.dietetique-sport-sante.fr\" target=\"_blank\" rel=\"noopener noreferrer\"><img loading=\"lazy\" decoding=\"async\" style=\"float: left; margin-right: 20px; border: solid 1px #000000;\" src=\"http:\/\/energeticienne-audibert.com\/Montpellier\/wp-content\/uploads\/2013\/10\/maryse.jpg\" alt=\"Di\u00e9t\u00e9tique sport et sant\u00e9\" width=\"153\" height=\"112\"><\/a><strong>Maryse Thiebaud <\/strong> <span style=\"font-size: 13px; text-align: left;\">Di\u00e9t\u00e9ticienne Nutritionniste D.E. <\/span>&nbsp;<\/p>\n<p><a style=\"font-size: 13px;\" title=\"Di\u00e9t\u00e9tique sport sant\u00e9\" href=\"http:\/\/www.dietetique-sport-sante.fr\" target=\"_blank\" rel=\"noopener noreferrer\">www.dietetique-sport-sante.fr<\/a><\/td>\n<td style=\"text-align: left;\" width=\"300\"><a href=\"http:\/\/emmanuel.cornibert.chez-alice.fr\" target=\"_blank\" rel=\"noopener noreferrer\"><img loading=\"lazy\" decoding=\"async\" style=\"float: left; margin-right: 20px; border: solid 1px #000000;\" src=\"http:\/\/energeticienne-audibert.com\/Montpellier\/wp-content\/uploads\/2013\/10\/manu.jpg\" alt=\"Emmanuel Cornibert\" width=\"152\" height=\"110\"><\/a><strong>Emmanuel Cornibert <\/strong><span style=\"font-size: 13px; text-align: left;\"><span style=\"font-size: 13px; text-align: left;\">Shiatsu Traditionnel, R\u00e9flexologie plantaire, techniques \u00e9nerg\u00e9tiques associ\u00e9es.<\/span><br \/>\n<\/span><a style=\"font-size: 13px;\" title=\"Emmanuel Cornibert\" href=\"http:\/\/emmanuel.cornibert.chez-alice.fr\" target=\"_blank\" rel=\"noopener noreferrer\">emmanuel.cornibert.chez-alice.fr<\/a><\/td>\n<\/tr>\n<tr>\n<td style=\"text-align: left;\" width=\"300\"><a href=\"http:\/\/www.lesoufflefengshui.com\" target=\"_blank\" rel=\"noopener noreferrer\"><img loading=\"lazy\" decoding=\"async\" style=\"float: left; margin-right: 20px; border: solid 1px #000000;\" src=\"http:\/\/energeticienne-audibert.com\/Montpellier\/wp-content\/uploads\/2013\/10\/cathy.jpg\" alt=\"Le Souffle feng ShuiSite de Cathy\" width=\"153\" height=\"111\"><\/a><strong>Catherine Besenwald <\/strong><span style=\"font-size: 13px; text-align: left;\"><span style=\"font-size: 13px; text-align: left;\"><span style=\"font-size: 13px; text-align: left;\">R\u00e9\u00e9quilibrez l&rsquo;\u00e9nergie de votre lieu de vie <\/span><\/span><\/span>&nbsp;<\/p>\n<p><a style=\"font-size: 13px;\" title=\"Le Souffle feng Shui\" href=\"http:\/\/www.lesoufflefengshui.com\" target=\"_blank\" rel=\"noopener noreferrer\">www.lesoufflefengshui.com<\/a><\/td>\n<td style=\"text-align: left;\" width=\"300\"><a href=\"http:\/\/laurieaudibert.com\/\" target=\"_blank\" rel=\"noopener noreferrer\"><img loading=\"lazy\" decoding=\"async\" style=\"float: left; margin-right: 20px; border: solid 1px #000000;\" src=\"http:\/\/energeticienne-audibert.com\/Montpellier\/wp-content\/uploads\/2016\/02\/laurie2.jpg\" alt=\"Coaching holistique\" width=\"153\" height=\"112\"><\/a><strong>Laurie Audibert<br \/>\n<\/strong><span style=\"font-size: 13px; text-align: left;\"><span style=\"font-size: 13px; text-align: left;\">Coach holistique<\/span><\/span>&nbsp;<\/p>\n<p><a style=\"font-size: 13px;\" title=\"coaching Montpellier\" href=\"http:\/\/laurieaudibert.com\" target=\"_blank\" rel=\"noopener noreferrer\">laurieaudibert.com<\/a><\/td>\n<\/tr>\n<tr>\n<td style=\"text-align: left;\" width=\"300\"><strong><a href=\"http:\/\/energeticienne-audibert.com\/Montpellier\/liens-contacts\/les-sites-amis\/mcagraphisme500#main\" rel=\"attachment wp-att-2002\"><img loading=\"lazy\" decoding=\"async\" style=\"float: left; margin-right: 20px; border: solid 1px #000000;\" src=\"http:\/\/energeticienne-audibert.com\/Montpellier\/wp-content\/uploads\/2020\/10\/mcagraphisme500-300x221.jpg\" alt=\"\" width=\"159\" height=\"117\"><\/a>Marie-C\u00e9cile Audibert<br \/>\n<\/strong><span style=\"font-size: 13px; text-align: left;\"><span style=\"font-size: 13px; text-align: left;\"><span style=\"font-size: 13px; text-align: left;\">Cr\u00e9ation \/ Gestion de sites<br \/>\nGraphisme <\/span><\/span><\/span>&nbsp;<\/p>\n<p><a style=\"font-size: 13px;\" title=\"Le Souffle feng Shui\" href=\"https:\/\/mcagraphisme.com\/\" target=\"_blank\" rel=\"noopener noreferrer\">mcagraphisme.com<\/a><\/td>\n<td style=\"text-align: left;\" width=\"300\">&nbsp;<\/td>\n<\/tr>\n<\/tbody>\n<\/table>\n","protected":false},"excerpt":{"rendered":"<p>Maryse Thiebaud Di\u00e9t\u00e9ticienne Nutritionniste D.E. &nbsp; www.dietetique-sport-sante.fr Emmanuel Cornibert Shiatsu Traditionnel, R\u00e9flexologie plantaire, techniques \u00e9nerg\u00e9tiques associ\u00e9es. emmanuel.cornibert.chez-alice.fr Catherine Besenwald [&hellip;]<\/p>\n","protected":false},"author":2,"featured_media":0,"parent":80,"menu_order":0,"comment_status":"closed","ping_status":"open","template":"","meta":{"footnotes":""},"class_list":["post-1096","page","type-page","status-publish","hentry"],"yoast_head":"<!-- This site is optimized with the Yoast SEO plugin v27.5 - https:\/\/yoast.com\/product\/yoast-seo-wordpress\/ -->\n<title>Les sites amis - Genevi\u00e8ve Audibert \u00e9nerg\u00e9ticienne<\/title>\n<meta name=\"robots\" content=\"index, follow, max-snippet:-1, max-image-preview:large, max-video-preview:-1\" \/>\n<link rel=\"canonical\" href=\"https:\/\/energeticienne-audibert.com\/Montpellier\/liens-contacts\/les-sites-amis\" \/>\n<meta property=\"og:locale\" content=\"fr_FR\" \/>\n<meta property=\"og:type\" content=\"article\" \/>\n<meta property=\"og:title\" content=\"Les sites amis - Genevi\u00e8ve Audibert \u00e9nerg\u00e9ticienne\" \/>\n<meta property=\"og:description\" content=\"Maryse Thiebaud Di\u00e9t\u00e9ticienne Nutritionniste D.E. &nbsp; www.dietetique-sport-sante.fr Emmanuel Cornibert Shiatsu Traditionnel, R\u00e9flexologie plantaire, techniques \u00e9nerg\u00e9tiques associ\u00e9es. emmanuel.cornibert.chez-alice.fr Catherine Besenwald [&hellip;]\" \/>\n<meta property=\"og:url\" content=\"https:\/\/energeticienne-audibert.com\/Montpellier\/liens-contacts\/les-sites-amis\" \/>\n<meta property=\"og:site_name\" content=\"Genevi\u00e8ve Audibert \u00e9nerg\u00e9ticienne\" \/>\n<meta property=\"article:modified_time\" content=\"2020-10-06T08:53:35+00:00\" \/>\n<meta property=\"og:image\" content=\"http:\/\/energeticienne-audibert.com\/Montpellier\/wp-content\/uploads\/2013\/10\/maryse.jpg\" \/>\n<meta name=\"twitter:card\" content=\"summary_large_image\" \/>\n<script type=\"application\/ld+json\" class=\"yoast-schema-graph\">{\"@context\":\"https:\\\/\\\/schema.org\",\"@graph\":[{\"@type\":\"WebPage\",\"@id\":\"https:\\\/\\\/energeticienne-audibert.com\\\/Montpellier\\\/liens-contacts\\\/les-sites-amis\",\"url\":\"https:\\\/\\\/energeticienne-audibert.com\\\/Montpellier\\\/liens-contacts\\\/les-sites-amis\",\"name\":\"Les sites amis - Genevi\u00e8ve Audibert \u00e9nerg\u00e9ticienne\",\"isPartOf\":{\"@id\":\"https:\\\/\\\/energeticienne-audibert.com\\\/Montpellier\\\/#website\"},\"primaryImageOfPage\":{\"@id\":\"https:\\\/\\\/energeticienne-audibert.com\\\/Montpellier\\\/liens-contacts\\\/les-sites-amis#primaryimage\"},\"image\":{\"@id\":\"https:\\\/\\\/energeticienne-audibert.com\\\/Montpellier\\\/liens-contacts\\\/les-sites-amis#primaryimage\"},\"thumbnailUrl\":\"http:\\\/\\\/energeticienne-audibert.com\\\/Montpellier\\\/wp-content\\\/uploads\\\/2013\\\/10\\\/maryse.jpg\",\"datePublished\":\"2013-10-24T15:30:26+00:00\",\"dateModified\":\"2020-10-06T08:53:35+00:00\",\"breadcrumb\":{\"@id\":\"https:\\\/\\\/energeticienne-audibert.com\\\/Montpellier\\\/liens-contacts\\\/les-sites-amis#breadcrumb\"},\"inLanguage\":\"fr-FR\",\"potentialAction\":[{\"@type\":\"ReadAction\",\"target\":[\"https:\\\/\\\/energeticienne-audibert.com\\\/Montpellier\\\/liens-contacts\\\/les-sites-amis\"]}]},{\"@type\":\"ImageObject\",\"inLanguage\":\"fr-FR\",\"@id\":\"https:\\\/\\\/energeticienne-audibert.com\\\/Montpellier\\\/liens-contacts\\\/les-sites-amis#primaryimage\",\"url\":\"https:\\\/\\\/energeticienne-audibert.com\\\/Montpellier\\\/wp-content\\\/uploads\\\/2013\\\/10\\\/maryse.jpg\",\"contentUrl\":\"https:\\\/\\\/energeticienne-audibert.com\\\/Montpellier\\\/wp-content\\\/uploads\\\/2013\\\/10\\\/maryse.jpg\",\"width\":250,\"height\":193},{\"@type\":\"BreadcrumbList\",\"@id\":\"https:\\\/\\\/energeticienne-audibert.com\\\/Montpellier\\\/liens-contacts\\\/les-sites-amis#breadcrumb\",\"itemListElement\":[{\"@type\":\"ListItem\",\"position\":1,\"name\":\"Accueil\",\"item\":\"https:\\\/\\\/energeticienne-audibert.com\\\/Montpellier\\\/\"},{\"@type\":\"ListItem\",\"position\":2,\"name\":\"Contact &amp; liens\",\"item\":\"https:\\\/\\\/energeticienne-audibert.com\\\/Montpellier\\\/liens-contacts\"},{\"@type\":\"ListItem\",\"position\":3,\"name\":\"Les sites amis\"}]},{\"@type\":\"WebSite\",\"@id\":\"https:\\\/\\\/energeticienne-audibert.com\\\/Montpellier\\\/#website\",\"url\":\"https:\\\/\\\/energeticienne-audibert.com\\\/Montpellier\\\/\",\"name\":\"Genevi\u00e8ve Audibert \u00e9nerg\u00e9ticienne\",\"description\":\"\",\"publisher\":{\"@id\":\"https:\\\/\\\/energeticienne-audibert.com\\\/Montpellier\\\/#organization\"},\"potentialAction\":[{\"@type\":\"SearchAction\",\"target\":{\"@type\":\"EntryPoint\",\"urlTemplate\":\"https:\\\/\\\/energeticienne-audibert.com\\\/Montpellier\\\/?s={search_term_string}\"},\"query-input\":{\"@type\":\"PropertyValueSpecification\",\"valueRequired\":true,\"valueName\":\"search_term_string\"}}],\"inLanguage\":\"fr-FR\"},{\"@type\":\"Organization\",\"@id\":\"https:\\\/\\\/energeticienne-audibert.com\\\/Montpellier\\\/#organization\",\"name\":\"Genevi\u00e8ve Audibert \u00e9nerg\u00e9ticienne\",\"url\":\"https:\\\/\\\/energeticienne-audibert.com\\\/Montpellier\\\/\",\"logo\":{\"@type\":\"ImageObject\",\"inLanguage\":\"fr-FR\",\"@id\":\"https:\\\/\\\/energeticienne-audibert.com\\\/Montpellier\\\/#\\\/schema\\\/logo\\\/image\\\/\",\"url\":\"https:\\\/\\\/energeticienne-audibert.com\\\/Montpellier\\\/wp-content\\\/uploads\\\/2019\\\/01\\\/cropped-logo-genevieve-307.png\",\"contentUrl\":\"https:\\\/\\\/energeticienne-audibert.com\\\/Montpellier\\\/wp-content\\\/uploads\\\/2019\\\/01\\\/cropped-logo-genevieve-307.png\",\"width\":250,\"height\":253,\"caption\":\"Genevi\u00e8ve Audibert \u00e9nerg\u00e9ticienne\"},\"image\":{\"@id\":\"https:\\\/\\\/energeticienne-audibert.com\\\/Montpellier\\\/#\\\/schema\\\/logo\\\/image\\\/\"}}]}<\/script>\n<!-- \/ Yoast SEO plugin. -->","yoast_head_json":{"title":"Les sites amis - Genevi\u00e8ve Audibert \u00e9nerg\u00e9ticienne","robots":{"index":"index","follow":"follow","max-snippet":"max-snippet:-1","max-image-preview":"max-image-preview:large","max-video-preview":"max-video-preview:-1"},"canonical":"https:\/\/energeticienne-audibert.com\/Montpellier\/liens-contacts\/les-sites-amis","og_locale":"fr_FR","og_type":"article","og_title":"Les sites amis - Genevi\u00e8ve Audibert \u00e9nerg\u00e9ticienne","og_description":"Maryse Thiebaud Di\u00e9t\u00e9ticienne Nutritionniste D.E. &nbsp; www.dietetique-sport-sante.fr Emmanuel Cornibert Shiatsu Traditionnel, R\u00e9flexologie plantaire, techniques \u00e9nerg\u00e9tiques associ\u00e9es. emmanuel.cornibert.chez-alice.fr Catherine Besenwald [&hellip;]","og_url":"https:\/\/energeticienne-audibert.com\/Montpellier\/liens-contacts\/les-sites-amis","og_site_name":"Genevi\u00e8ve Audibert \u00e9nerg\u00e9ticienne","article_modified_time":"2020-10-06T08:53:35+00:00","og_image":[{"url":"http:\/\/energeticienne-audibert.com\/Montpellier\/wp-content\/uploads\/2013\/10\/maryse.jpg","type":"","width":"","height":""}],"twitter_card":"summary_large_image","schema":{"@context":"https:\/\/schema.org","@graph":[{"@type":"WebPage","@id":"https:\/\/energeticienne-audibert.com\/Montpellier\/liens-contacts\/les-sites-amis","url":"https:\/\/energeticienne-audibert.com\/Montpellier\/liens-contacts\/les-sites-amis","name":"Les sites amis - Genevi\u00e8ve Audibert \u00e9nerg\u00e9ticienne","isPartOf":{"@id":"https:\/\/energeticienne-audibert.com\/Montpellier\/#website"},"primaryImageOfPage":{"@id":"https:\/\/energeticienne-audibert.com\/Montpellier\/liens-contacts\/les-sites-amis#primaryimage"},"image":{"@id":"https:\/\/energeticienne-audibert.com\/Montpellier\/liens-contacts\/les-sites-amis#primaryimage"},"thumbnailUrl":"http:\/\/energeticienne-audibert.com\/Montpellier\/wp-content\/uploads\/2013\/10\/maryse.jpg","datePublished":"2013-10-24T15:30:26+00:00","dateModified":"2020-10-06T08:53:35+00:00","breadcrumb":{"@id":"https:\/\/energeticienne-audibert.com\/Montpellier\/liens-contacts\/les-sites-amis#breadcrumb"},"inLanguage":"fr-FR","potentialAction":[{"@type":"ReadAction","target":["https:\/\/energeticienne-audibert.com\/Montpellier\/liens-contacts\/les-sites-amis"]}]},{"@type":"ImageObject","inLanguage":"fr-FR","@id":"https:\/\/energeticienne-audibert.com\/Montpellier\/liens-contacts\/les-sites-amis#primaryimage","url":"https:\/\/energeticienne-audibert.com\/Montpellier\/wp-content\/uploads\/2013\/10\/maryse.jpg","contentUrl":"https:\/\/energeticienne-audibert.com\/Montpellier\/wp-content\/uploads\/2013\/10\/maryse.jpg","width":250,"height":193},{"@type":"BreadcrumbList","@id":"https:\/\/energeticienne-audibert.com\/Montpellier\/liens-contacts\/les-sites-amis#breadcrumb","itemListElement":[{"@type":"ListItem","position":1,"name":"Accueil","item":"https:\/\/energeticienne-audibert.com\/Montpellier\/"},{"@type":"ListItem","position":2,"name":"Contact &amp; liens","item":"https:\/\/energeticienne-audibert.com\/Montpellier\/liens-contacts"},{"@type":"ListItem","position":3,"name":"Les sites amis"}]},{"@type":"WebSite","@id":"https:\/\/energeticienne-audibert.com\/Montpellier\/#website","url":"https:\/\/energeticienne-audibert.com\/Montpellier\/","name":"Genevi\u00e8ve Audibert \u00e9nerg\u00e9ticienne","description":"","publisher":{"@id":"https:\/\/energeticienne-audibert.com\/Montpellier\/#organization"},"potentialAction":[{"@type":"SearchAction","target":{"@type":"EntryPoint","urlTemplate":"https:\/\/energeticienne-audibert.com\/Montpellier\/?s={search_term_string}"},"query-input":{"@type":"PropertyValueSpecification","valueRequired":true,"valueName":"search_term_string"}}],"inLanguage":"fr-FR"},{"@type":"Organization","@id":"https:\/\/energeticienne-audibert.com\/Montpellier\/#organization","name":"Genevi\u00e8ve Audibert \u00e9nerg\u00e9ticienne","url":"https:\/\/energeticienne-audibert.com\/Montpellier\/","logo":{"@type":"ImageObject","inLanguage":"fr-FR","@id":"https:\/\/energeticienne-audibert.com\/Montpellier\/#\/schema\/logo\/image\/","url":"https:\/\/energeticienne-audibert.com\/Montpellier\/wp-content\/uploads\/2019\/01\/cropped-logo-genevieve-307.png","contentUrl":"https:\/\/energeticienne-audibert.com\/Montpellier\/wp-content\/uploads\/2019\/01\/cropped-logo-genevieve-307.png","width":250,"height":253,"caption":"Genevi\u00e8ve Audibert \u00e9nerg\u00e9ticienne"},"image":{"@id":"https:\/\/energeticienne-audibert.com\/Montpellier\/#\/schema\/logo\/image\/"}}]}},"_links":{"self":[{"href":"https:\/\/energeticienne-audibert.com\/Montpellier\/wp-json\/wp\/v2\/pages\/1096","targetHints":{"allow":["GET"]}}],"collection":[{"href":"https:\/\/energeticienne-audibert.com\/Montpellier\/wp-json\/wp\/v2\/pages"}],"about":[{"href":"https:\/\/energeticienne-audibert.com\/Montpellier\/wp-json\/wp\/v2\/types\/page"}],"author":[{"embeddable":true,"href":"https:\/\/energeticienne-audibert.com\/Montpellier\/wp-json\/wp\/v2\/users\/2"}],"replies":[{"embeddable":true,"href":"https:\/\/energeticienne-audibert.com\/Montpellier\/wp-json\/wp\/v2\/comments?post=1096"}],"version-history":[{"count":50,"href":"https:\/\/energeticienne-audibert.com\/Montpellier\/wp-json\/wp\/v2\/pages\/1096\/revisions"}],"predecessor-version":[{"id":2005,"href":"https:\/\/energeticienne-audibert.com\/Montpellier\/wp-json\/wp\/v2\/pages\/1096\/revisions\/2005"}],"up":[{"embeddable":true,"href":"https:\/\/energeticienne-audibert.com\/Montpellier\/wp-json\/wp\/v2\/pages\/80"}],"wp:attachment":[{"href":"https:\/\/energeticienne-audibert.com\/Montpellier\/wp-json\/wp\/v2\/media?parent=1096"}],"curies":[{"name":"wp","href":"https:\/\/api.w.org\/{rel}","templated":true}]}}